{"id":1020,"date":"2015-04-14T11:17:02","date_gmt":"2015-04-14T09:17:02","guid":{"rendered":"http:\/\/johannes-schuetzen.de\/?page_id=1020"},"modified":"2025-06-20T10:41:24","modified_gmt":"2025-06-20T08:41:24","slug":"jugendprinzen","status":"publish","type":"page","link":"https:\/\/johannes-schuetzen.de\/?page_id=1020","title":{"rendered":"Jugendprinzen"},"content":{"rendered":"\n<figure class=\"wp-block-table\"><table><tbody><tr><td>2025<\/td><td>Christian Reuter<\/td><\/tr><tr><td>2024<\/td><td>Nils Karsch<\/td><\/tr><tr><td>2023<\/td><td>Lennart Recken (Stadtjungsch\u00fctzenk\u00f6nig 2023 u. Bezirksjugendprinz 2024)<\/td><\/tr><tr><td>2022<\/td><td>Phillip K\u00f6ttelwesch<\/td><\/tr><tr><td>2019<\/td><td>Phillip K\u00f6ttelwesch<\/td><\/tr><tr><td>2018<\/td><td>Nico Karsch<\/td><\/tr><tr><td>2017<\/td><td>Nico Karsch<\/td><\/tr><tr><td>2016<\/td><td>Sophie Recken<\/td><\/tr><tr><td>2015<\/td><td>Melanie Altmayer<\/td><\/tr><tr><td>2014<\/td><td>Niclas Hardt (Bezirksjugendprinz 2015)<\/td><\/tr><tr><td>2013<\/td><td>Leonhardt Mertens<\/td><\/tr><tr><td>2012<\/td><td>Laura Schmitz<\/td><\/tr><tr><td>2011<\/td><td>Ren\u00e9 Engels<\/td><\/tr><tr><td>2010<\/td><td>Sina Kaul<\/td><\/tr><tr><td>2009<\/td><td>Michael M\u00fcller<\/td><\/tr><tr><td>2008<\/td><td>Sabrina Voorter<\/td><\/tr><tr><td>2007<\/td><td>Oliver Tritsch<\/td><\/tr><tr><td>2006<\/td><td>Evelin Mro\u00df<\/td><\/tr><tr><td>2005<\/td><td>Anna Mro\u00df<\/td><\/tr><tr><td>2004<\/td><td>Kerstin B\u00f6ddeker<\/td><\/tr><tr><td>2003<\/td><td>Patrick Leewen<\/td><\/tr><tr><td>2002<\/td><td>Michael Breuer<\/td><\/tr><tr><td>2001<\/td><td>Dennis Gerlofsma (Bezirksjugendprinz 2002)<\/td><\/tr><tr><td>2000<\/td><td>Kerstin B\u00f6ddeker<\/td><\/tr><tr><td>1999<\/td><td>Andr\u00e9 Sieben<\/td><\/tr><tr><td>1998<\/td><td>Jan Krunk<\/td><\/tr><tr><td>1997<\/td><td>Susanne Berger<\/td><\/tr><tr><td>1996<\/td><td>Ren\u00e9 Peters<\/td><\/tr><tr><td>1995<\/td><td>Andrea Ditzen<\/td><\/tr><tr><td>1994<\/td><td>Ren\u00e9 Peters<\/td><\/tr><tr><td>1993<\/td><td>Michael Schmitz<\/td><\/tr><tr><td>1992<\/td><td>Albert M\u00fcller \u2020<\/td><\/tr><tr><td>1991<\/td><td>Christof Hardt<\/td><\/tr><tr><td>1990<\/td><td>Frank Ditzen<\/td><\/tr><tr><td>1989<\/td><td>Christof Hardt<\/td><\/tr><tr><td>1988<\/td><td>Michael Gietmann<\/td><\/tr><tr><td>1987<\/td><td>Herrmann-Josef Doppstadt<\/td><\/tr><tr><td>1986<\/td><td>Herrmann-Josef Doppstadt<\/td><\/tr><tr><td>1985<\/td><td>Stephan Hardt \u2020<\/td><\/tr><tr><td>1984<\/td><td>Peter Ruskowski<\/td><\/tr><tr><td>1983<\/td><td>Olaf Teckenburg<\/td><\/tr><tr><td>1982<\/td><td>Klaus Meier<\/td><\/tr><tr><td>1981<\/td><td>Georg Meier<\/td><\/tr><tr><td>1980<\/td><td>J\u00fcrgen Meurer<\/td><\/tr><tr><td>1979<\/td><td>Karl Melchers<\/td><\/tr><tr><td>1978<\/td><td>Karl Melchers<\/td><\/tr><\/tbody><\/table><\/figure>\n","protected":false},"excerpt":{"rendered":"<p>2025 Christian Reuter 2024 Nils Karsch 2023 Lennart Recken (Stadtjungsch\u00fctzenk\u00f6nig 2023 u. Bezirksjugendprinz 2024) 2022 Phillip K\u00f6ttelwesch 2019 Phillip K\u00f6ttelwesch 2018 Nico Karsch 2017 Nico Karsch 2016 Sophie Recken 2015 Melanie Altmayer 2014 Niclas Hardt (Bezirksjugendprinz 2015) 2013 Leonhardt Mertens 2012 Laura Schmitz 2011 Ren\u00e9 Engels 2010 Sina Kaul 2009 Michael M\u00fcller 2008 Sabrina Voorter<\/p><\/div>\n<div class=\"blog-btn\"><a href=\"https:\/\/johannes-schuetzen.de\/?page_id=1020\" class=\"home-blog-btn\">Weiterlesen<\/a><\/p>\n","protected":false},"author":1,"featured_media":0,"parent":169,"menu_order":0,"comment_status":"closed","ping_status":"closed","template":"","meta":{"footnotes":""},"class_list":["post-1020","page","type-page","status-publish","hentry"],"_links":{"self":[{"href":"https:\/\/johannes-schuetzen.de\/index.php?rest_route=\/wp\/v2\/pages\/1020","targetHints":{"allow":["GET"]}}],"collection":[{"href":"https:\/\/johannes-schuetzen.de\/index.php?rest_route=\/wp\/v2\/pages"}],"about":[{"href":"https:\/\/johannes-schuetzen.de\/index.php?rest_route=\/wp\/v2\/types\/page"}],"author":[{"embeddable":true,"href":"https:\/\/johannes-schuetzen.de\/index.php?rest_route=\/wp\/v2\/users\/1"}],"replies":[{"embeddable":true,"href":"https:\/\/johannes-schuetzen.de\/index.php?rest_route=%2Fwp%2Fv2%2Fcomments&post=1020"}],"version-history":[{"count":18,"href":"https:\/\/johannes-schuetzen.de\/index.php?rest_route=\/wp\/v2\/pages\/1020\/revisions"}],"predecessor-version":[{"id":2994,"href":"https:\/\/johannes-schuetzen.de\/index.php?rest_route=\/wp\/v2\/pages\/1020\/revisions\/2994"}],"up":[{"embeddable":true,"href":"https:\/\/johannes-schuetzen.de\/index.php?rest_route=\/wp\/v2\/pages\/169"}],"wp:attachment":[{"href":"https:\/\/johannes-schuetzen.de\/index.php?rest_route=%2Fwp%2Fv2%2Fmedia&parent=1020"}],"curies":[{"name":"wp","href":"https:\/\/api.w.org\/{rel}","templated":true}]}}