{"id":1022,"date":"2015-04-14T11:17:23","date_gmt":"2015-04-14T09:17:23","guid":{"rendered":"http:\/\/johannes-schuetzen.de\/?page_id=1022"},"modified":"2025-06-20T10:39:41","modified_gmt":"2025-06-20T08:39:41","slug":"schuelerprinzen","status":"publish","type":"page","link":"https:\/\/johannes-schuetzen.de\/?page_id=1022","title":{"rendered":"Sch\u00fclerprinzen"},"content":{"rendered":"\n<figure class=\"wp-block-table\"><table><tbody><tr><td>2025<\/td><td>Benjamin Thees<\/td><\/tr><tr><td>2024<\/td><td>Benjamin Thees<\/td><\/tr><tr><td>2023<\/td><td>Hannah Fl\u00f6ren<\/td><\/tr><tr><td>2022<\/td><td>Matheus Cremers<\/td><\/tr><tr><td>2019<\/td><td>Mia Thees<\/td><\/tr><tr><td>2018<\/td><td>Laura Marie Kla\u00dfen<\/td><\/tr><tr><td>2017<\/td><td>Mara Greiner<\/td><\/tr><tr><td>2016<\/td><td>Johanna Esters<\/td><\/tr><tr><td>2015<\/td><td>Nico Karsch<\/td><\/tr><tr><td>2014<\/td><td>Nils Karsch<\/td><\/tr><tr><td>2013<\/td><td>Paul K\u00f6ttelwesch<\/td><\/tr><tr><td>2012<\/td><td>Jonas Engels<\/td><\/tr><tr><td>2011<\/td><td>Jan Peter K\u00f6ttelwesch<\/td><\/tr><tr><td>2010<\/td><td>Sebastian Manns<\/td><\/tr><tr><td>2009<\/td><td>Philip K\u00f6ttelwesch<\/td><\/tr><tr><td>2008<\/td><td>Miriam Schmitz<\/td><\/tr><tr><td>2007<\/td><td>Pascal Dix<\/td><\/tr><tr><td>2006<\/td><td>Mike Kamman<\/td><\/tr><tr><td>2005<\/td><td>Pascal Schulzke<\/td><\/tr><tr><td>2004<\/td><td>Jessica Faarsch<\/td><\/tr><tr><td>2003<\/td><td>Kathrin Thelen<\/td><\/tr><tr><td>2002<\/td><td>Annkathrin P\u00e4fgens<\/td><\/tr><tr><td>2001<\/td><td>Martin Demers<\/td><\/tr><tr><td>2000<\/td><td>Katja Terkatz<\/td><\/tr><tr><td>1999<\/td><td>Anna Mro\u00df<\/td><\/tr><tr><td>1998<\/td><td>Martin Demers<\/td><\/tr><tr><td>1997<\/td><td>Michael Breuer<\/td><\/tr><tr><td>1996<\/td><td>Daniel Hohnen<\/td><\/tr><tr><td>1995<\/td><td>Nicole Teckenburg<\/td><\/tr><tr><td>1994<\/td><td>Bernd Paule\u00dfen<\/td><\/tr><tr><td>1993<\/td><td>Raimund Meifert<\/td><\/tr><tr><td>1992<\/td><td>Christian Adrian<\/td><\/tr><tr><td>1991<\/td><td>Michael Schmitz<\/td><\/tr><tr><td>1990<\/td><td>Carsten Herold<\/td><\/tr><tr><td>1989<\/td><td>Andre Hummes<\/td><\/tr><tr><td>1988<\/td><td>Andre Hummes<\/td><\/tr><tr><td>1987<\/td><td>Sascha Lucas<\/td><\/tr><tr><td>1986<\/td><td>Heinrich Thees<\/td><\/tr><tr><td>1985<\/td><td>Wolfgang Hardt<\/td><\/tr><tr><td>1984<\/td><td>Sascha Lucas<\/td><\/tr><tr><td>1983<\/td><td>Bernd Pannen<\/td><\/tr><tr><td>1982<\/td><td>Albert M\u00fcller \u2020<\/td><\/tr><tr><td>1981<\/td><td>Herrmann-Josef Doppstadt<\/td><\/tr><tr><td>1980<\/td><td>Albert M\u00fcller \u2020<\/td><\/tr><tr><td>1979<\/td><td>Gregor Manns<\/td><\/tr><tr><td>1978<\/td><td>Frank Leymann<\/td><\/tr><tr><td>1977<\/td><td>Christian Brons<\/td><\/tr><tr><td>1976<\/td><td>Manfred Teckenburg<\/td><\/tr><tr><td>1975<\/td><td>Stephan Hardt \u2020<\/td><\/tr><\/tbody><\/table><\/figure>\n","protected":false},"excerpt":{"rendered":"<p>2025 Benjamin Thees 2024 Benjamin Thees 2023 Hannah Fl\u00f6ren 2022 Matheus Cremers 2019 Mia Thees 2018 Laura Marie Kla\u00dfen 2017 Mara Greiner 2016 Johanna Esters 2015 Nico Karsch 2014 Nils Karsch 2013 Paul K\u00f6ttelwesch 2012 Jonas Engels 2011 Jan Peter K\u00f6ttelwesch 2010 Sebastian Manns 2009 Philip K\u00f6ttelwesch 2008 Miriam Schmitz 2007 Pascal Dix 2006 Mike<\/p><\/div>\n<div class=\"blog-btn\"><a href=\"https:\/\/johannes-schuetzen.de\/?page_id=1022\" class=\"home-blog-btn\">Weiterlesen<\/a><\/p>\n","protected":false},"author":1,"featured_media":0,"parent":169,"menu_order":0,"comment_status":"open","ping_status":"open","template":"","meta":{"footnotes":""},"class_list":["post-1022","page","type-page","status-publish","hentry"],"_links":{"self":[{"href":"https:\/\/johannes-schuetzen.de\/index.php?rest_route=\/wp\/v2\/pages\/1022","targetHints":{"allow":["GET"]}}],"collection":[{"href":"https:\/\/johannes-schuetzen.de\/index.php?rest_route=\/wp\/v2\/pages"}],"about":[{"href":"https:\/\/johannes-schuetzen.de\/index.php?rest_route=\/wp\/v2\/types\/page"}],"author":[{"embeddable":true,"href":"https:\/\/johannes-schuetzen.de\/index.php?rest_route=\/wp\/v2\/users\/1"}],"replies":[{"embeddable":true,"href":"https:\/\/johannes-schuetzen.de\/index.php?rest_route=%2Fwp%2Fv2%2Fcomments&post=1022"}],"version-history":[{"count":15,"href":"https:\/\/johannes-schuetzen.de\/index.php?rest_route=\/wp\/v2\/pages\/1022\/revisions"}],"predecessor-version":[{"id":2993,"href":"https:\/\/johannes-schuetzen.de\/index.php?rest_route=\/wp\/v2\/pages\/1022\/revisions\/2993"}],"up":[{"embeddable":true,"href":"https:\/\/johannes-schuetzen.de\/index.php?rest_route=\/wp\/v2\/pages\/169"}],"wp:attachment":[{"href":"https:\/\/johannes-schuetzen.de\/index.php?rest_route=%2Fwp%2Fv2%2Fmedia&parent=1022"}],"curies":[{"name":"wp","href":"https:\/\/api.w.org\/{rel}","templated":true}]}}