{"id":104,"date":"2013-08-29T09:11:32","date_gmt":"2013-08-29T07:11:32","guid":{"rendered":"http:\/\/www.johannes-schuetzen.de\/?page_id=104"},"modified":"2025-06-16T06:59:50","modified_gmt":"2025-06-16T04:59:50","slug":"jaegerzug-jut-jelonge-juschfotte","status":"publish","type":"page","link":"https:\/\/johannes-schuetzen.de\/?page_id=104","title":{"rendered":"Jot Jelunge Juschfotte"},"content":{"rendered":"<div class=\"wp-block-image\">\n<figure class=\"aligncenter size-large\"><img  title=\"\" loading=\"lazy\" decoding=\"async\" width=\"1024\" height=\"768\" src=\"https:\/\/johannes-schuetzen.de\/wp-content\/uploads\/2025\/06\/Juschfotte.2025-1024x768.jpg\"  alt=\"Juschfotte.2025-1024x768 Jot Jelunge Juschfotte\"  class=\"wp-image-2983\" srcset=\"https:\/\/johannes-schuetzen.de\/wp-content\/uploads\/2025\/06\/Juschfotte.2025-1024x768.jpg 1024w, https:\/\/johannes-schuetzen.de\/wp-content\/uploads\/2025\/06\/Juschfotte.2025-550x413.jpg 550w, https:\/\/johannes-schuetzen.de\/wp-content\/uploads\/2025\/06\/Juschfotte.2025-150x113.jpg 150w, https:\/\/johannes-schuetzen.de\/wp-content\/uploads\/2025\/06\/Juschfotte.2025-768x576.jpg 768w, https:\/\/johannes-schuetzen.de\/wp-content\/uploads\/2025\/06\/Juschfotte.2025-1536x1152.jpg 1536w, https:\/\/johannes-schuetzen.de\/wp-content\/uploads\/2025\/06\/Juschfotte.2025.jpg 2048w\" sizes=\"auto, (max-width: 1024px) 100vw, 1024px\" \/><figcaption class=\"wp-element-caption\">hintere Reihe v.l.: Jan Peter K\u00f6ttelwesch, Marvin K\u00fcppers, Timo Leven, Lennart Recken, Nico Karsch, Florian M\u00fcller, Nils Karsch <br>vordere Reihe v.l.:  Laura Buscher, Michelle Ronkholz, Ellen Hoffmann<\/figcaption><\/figure>\n<\/div>\n\n\n<p>Als wir uns im August 2011 gr\u00fcndeten, stand schnell fest wir werden eine gemischte Kindergruppe werden. Sieben Jungen und ein M\u00e4dchen im Alter von 7 \u2013 12 Jahren hatten sich w\u00e4hrend des Sch\u00fctzenfestes gefunden. Kinder aus Cl\u00f6rath oder mit Cl\u00f6rath im Herzen. Wichtig war uns, einen Namen f\u00fcr unseren Zug zu finden der zu uns passt. Der Name sollte traditionell, jugendlich und zeitlos sein. Wir sind alle spontan, aktiv, lebensfroh, ausdauernd und machen gern Party. So fanden wir ein altes Wort im Plattdeutschen was zu uns passt wie die Faust aufs Auge.<br>Juschfott = Jemand, der st\u00e4ndig unterwegs ist.<br>Dat is en Juschfott, di is immer op Achse, st\u00e4ndig ob et Str\u00e4\u00dfke.<br>Als Verbundenheit zu unserer Betreuern und dessen Gruppe haben wir ihren Zugnamen J\u00e4gerzug \u201eJot Jelunge\u201c mit \u00fcbernommen. So entstand unser Gruppennamen J\u00e4gerzug \u201eJot Jelunge Juschfotte\u201c<br>Unser erster Vogelschuss fand im September 2011 auf der Schie\u00dfanlage am Reiher Weg statt. Mit dem 98 Schuss sicherte sich Nils Karsch nach einem spannenden Kampf die Krone und darf sich nun erster K\u00f6nig der \u201eJot Jelunge Juschfotte\u201c nennen.<br>Wir sind die j\u00fcngste Gruppe der Gesellschaft und freuen uns darauf im Jubil\u00e4umsjahr unser erstes Sch\u00fctzenfest zusammen zu feiern. Damit dies ein Erfolg wird, wird viel gearbeitet.<\/p>\n","protected":false},"excerpt":{"rendered":"<p>Als wir uns im August 2011 gr\u00fcndeten, stand schnell fest wir werden eine gemischte Kindergruppe werden. Sieben Jungen und ein M\u00e4dchen im Alter von 7 \u2013 12 Jahren hatten sich w\u00e4hrend des Sch\u00fctzenfestes gefunden. Kinder aus Cl\u00f6rath oder mit Cl\u00f6rath im Herzen. Wichtig war uns, einen Namen f\u00fcr unseren Zug zu finden der zu uns<\/p><\/div>\n<div class=\"blog-btn\"><a href=\"https:\/\/johannes-schuetzen.de\/?page_id=104\" class=\"home-blog-btn\">Weiterlesen<\/a><\/p>\n","protected":false},"author":1,"featured_media":0,"parent":498,"menu_order":0,"comment_status":"closed","ping_status":"closed","template":"","meta":{"footnotes":""},"class_list":["post-104","page","type-page","status-publish","hentry"],"_links":{"self":[{"href":"https:\/\/johannes-schuetzen.de\/index.php?rest_route=\/wp\/v2\/pages\/104","targetHints":{"allow":["GET"]}}],"collection":[{"href":"https:\/\/johannes-schuetzen.de\/index.php?rest_route=\/wp\/v2\/pages"}],"about":[{"href":"https:\/\/johannes-schuetzen.de\/index.php?rest_route=\/wp\/v2\/types\/page"}],"author":[{"embeddable":true,"href":"https:\/\/johannes-schuetzen.de\/index.php?rest_route=\/wp\/v2\/users\/1"}],"replies":[{"embeddable":true,"href":"https:\/\/johannes-schuetzen.de\/index.php?rest_route=%2Fwp%2Fv2%2Fcomments&post=104"}],"version-history":[{"count":7,"href":"https:\/\/johannes-schuetzen.de\/index.php?rest_route=\/wp\/v2\/pages\/104\/revisions"}],"predecessor-version":[{"id":2987,"href":"https:\/\/johannes-schuetzen.de\/index.php?rest_route=\/wp\/v2\/pages\/104\/revisions\/2987"}],"up":[{"embeddable":true,"href":"https:\/\/johannes-schuetzen.de\/index.php?rest_route=\/wp\/v2\/pages\/498"}],"wp:attachment":[{"href":"https:\/\/johannes-schuetzen.de\/index.php?rest_route=%2Fwp%2Fv2%2Fmedia&parent=104"}],"curies":[{"name":"wp","href":"https:\/\/api.w.org\/{rel}","templated":true}]}}