{"id":1184,"date":"2016-04-19T14:27:01","date_gmt":"2016-04-19T12:27:01","guid":{"rendered":"http:\/\/johannes-schuetzen.de\/?page_id=1184"},"modified":"2024-06-10T08:59:36","modified_gmt":"2024-06-10T06:59:36","slug":"presse","status":"publish","type":"page","link":"https:\/\/johannes-schuetzen.de\/?page_id=1184","title":{"rendered":"Presse"},"content":{"rendered":"\n<p>In dieser Rubrik werden nach und nach alle Erw\u00e4hnungen in der Presse ver\u00f6ffentlicht. \u00dcber das jeweilige Archivjahr sind diese dann aufzurufen.<\/p>\n\n\n\n<ul class=\"wp-block-list\">\n<li><a href=\"https:\/\/johannes-schuetzen.de\/?page_id=2734\" data-type=\"page\" data-id=\"2734\">Archiv 2024<\/a><\/li>\n\n\n\n<li><a href=\"https:\/\/johannes-schuetzen.de\/?page_id=2734\" data-type=\"page\" data-id=\"2734\">Archiv 2023<\/a><\/li>\n\n\n\n<li><a href=\"https:\/\/johannes-schuetzen.de\/?page_id=2730\" data-type=\"page\" data-id=\"2730\">Archiv 2022<\/a><\/li>\n\n\n\n<li><a href=\"https:\/\/johannes-schuetzen.de\/?page_id=2413\">Archiv 2021<\/a><\/li>\n\n\n\n<li><a href=\"https:\/\/johannes-schuetzen.de\/?page_id=2620\">Archiv 2020<\/a><\/li>\n\n\n\n<li><a href=\"https:\/\/johannes-schuetzen.de\/?page_id=2626\">Archiv 2019<\/a><\/li>\n\n\n\n<li><a href=\"https:\/\/johannes-schuetzen.de\/?page_id=2624\">Archiv 2018<\/a><\/li>\n\n\n\n<li><a href=\"https:\/\/johannes-schuetzen.de\/?page_id=1860\">Archiv 2017<\/a><\/li>\n\n\n\n<li><a href=\"https:\/\/johannes-schuetzen.de\/?page_id=1460\">Archiv 2016<\/a><\/li>\n\n\n\n<li><a href=\"https:\/\/johannes-schuetzen.de\/?page_id=1266\">Archiv 2015<\/a><\/li>\n\n\n\n<li><a href=\"https:\/\/johannes-schuetzen.de\/?page_id=1305\">Archiv 2014<\/a><\/li>\n\n\n\n<li><a href=\"https:\/\/johannes-schuetzen.de\/?page_id=1361\">Archiv 2013<\/a><\/li>\n\n\n\n<li><a href=\"https:\/\/johannes-schuetzen.de\/?page_id=1352\">Archiv 2012<\/a><\/li>\n\n\n\n<li><a href=\"https:\/\/johannes-schuetzen.de\/?page_id=1343\">Archiv 2011<\/a><\/li>\n\n\n\n<li><a href=\"https:\/\/johannes-schuetzen.de\/?page_id=1333\">Archiv 2010<\/a><\/li>\n\n\n\n<li><a href=\"https:\/\/johannes-schuetzen.de\/?page_id=1324\">Archiv 2009<\/a><\/li>\n\n\n\n<li><a href=\"https:\/\/johannes-schuetzen.de\/?page_id=1314\">Archiv 2007<\/a><\/li>\n<\/ul>\n","protected":false},"excerpt":{"rendered":"<p>In dieser Rubrik werden nach und nach alle Erw\u00e4hnungen in der Presse ver\u00f6ffentlicht. \u00dcber das jeweilige Archivjahr sind diese dann aufzurufen.<\/p>\n","protected":false},"author":1,"featured_media":0,"parent":0,"menu_order":0,"comment_status":"closed","ping_status":"closed","template":"","meta":{"footnotes":""},"class_list":["post-1184","page","type-page","status-publish","hentry"],"_links":{"self":[{"href":"https:\/\/johannes-schuetzen.de\/index.php?rest_route=\/wp\/v2\/pages\/1184","targetHints":{"allow":["GET"]}}],"collection":[{"href":"https:\/\/johannes-schuetzen.de\/index.php?rest_route=\/wp\/v2\/pages"}],"about":[{"href":"https:\/\/johannes-schuetzen.de\/index.php?rest_route=\/wp\/v2\/types\/page"}],"author":[{"embeddable":true,"href":"https:\/\/johannes-schuetzen.de\/index.php?rest_route=\/wp\/v2\/users\/1"}],"replies":[{"embeddable":true,"href":"https:\/\/johannes-schuetzen.de\/index.php?rest_route=%2Fwp%2Fv2%2Fcomments&post=1184"}],"version-history":[{"count":17,"href":"https:\/\/johannes-schuetzen.de\/index.php?rest_route=\/wp\/v2\/pages\/1184\/revisions"}],"predecessor-version":[{"id":2855,"href":"https:\/\/johannes-schuetzen.de\/index.php?rest_route=\/wp\/v2\/pages\/1184\/revisions\/2855"}],"wp:attachment":[{"href":"https:\/\/johannes-schuetzen.de\/index.php?rest_route=%2Fwp%2Fv2%2Fmedia&parent=1184"}],"curies":[{"name":"wp","href":"https:\/\/api.w.org\/{rel}","templated":true}]}}