{"id":1202,"date":"2016-04-19T14:58:02","date_gmt":"2016-04-19T12:58:02","guid":{"rendered":"http:\/\/johannes-schuetzen.de\/?page_id=1202"},"modified":"2021-10-27T22:43:21","modified_gmt":"2021-10-27T20:43:21","slug":"koenigshaeuser-bis-1975-cloerath","status":"publish","type":"page","link":"https:\/\/johannes-schuetzen.de\/?page_id=1202","title":{"rendered":"K\u00f6nige bis 1975 &#8211; Cl\u00f6rath"},"content":{"rendered":"\n<figure class=\"wp-block-table\"><table><tbody><tr><td>1662<\/td><td>Plakette mit der Inschrift: &#8222;Anno 1662. Dat Schager Heider Spell, St. Johanne&#8220;<\/td><\/tr><tr><td>1688<\/td><td>Johann Schager, Cl\u00f6rath, Schagerhof &#8211; heute Schmitter<\/td><\/tr><tr><td>1718<\/td><td>Henr. Ferdinandt Lanck, Gerichtsschreiber von Neersen und Anrath<\/td><\/tr><tr><td>1727<\/td><td>Peter Rams, Cl\u00f6rath, Ramshof &#8211; heute noch Rams<\/td><\/tr><tr><td>1736<\/td><td>Conradus Voerster, Cl\u00f6rath, P\u00e4chter der Cl\u00f6rather M\u00fchle<\/td><\/tr><tr><td>1738<\/td><td>Johann R\u00f6skes, Cl\u00f6rath, R\u00f6skeshof &#8211; heute Hammes<\/td><\/tr><tr><td>1739<\/td><td>Peter Rams, Cl\u00f6rath, Ramshof &#8211; heute noch Rams<\/td><\/tr><tr><td>1740<\/td><td>Peter Schager, Cl\u00f6rath, Schagerhof &#8211; heute Schmitter<\/td><\/tr><tr><td>1744<\/td><td>Dries Ninges, Cl\u00f6rath, Gehlenhof &#8211; heute Meuleners<\/td><\/tr><tr><td>1747<\/td><td>Wilhelmus Schumacher, Cl\u00f6rath, Schumacherhof &#8211; heute H\u00fctter<\/td><\/tr><tr><td>1748<\/td><td>Johannes F\u00f6rster, Cl\u00f6rath, P\u00e4chter der Cl\u00f6rather M\u00fchle<\/td><\/tr><tr><td>1749<\/td><td>Wilhelmus Schumacher, Cl\u00f6rath, Schumacherhof &#8211; heute H\u00fctter<\/td><\/tr><tr><td>1750<\/td><td>Hermanus Krausen, Am Bruch, Hof lag im Niersbruch und existiert nicht mehr<\/td><\/tr><tr><td>1751<\/td><td>Peter Schumachers, Cl\u00f6rath, Schumacherhof &#8211; heute H\u00fctter<\/td><\/tr><tr><td>1752<\/td><td>Mathias Nauels, Cl\u00f6rath, Nauelshof &#8211; heute Stauten<\/td><\/tr><tr><td>1753<\/td><td>Dreis Gene, nicht bekannt<\/td><\/tr><tr><td>1754<\/td><td>Johann Pesch, Am Bruch, wahrscheinlich heute Miertz<\/td><\/tr><tr><td>1755<\/td><td>Johannes Pals, Cl\u00f6rath, &#8222;Hadend\u00fcvel&#8220; &#8211; Hof lag auf der Kappertzheide<\/td><\/tr><tr><td>1756<\/td><td>Johannes R\u00f6skes, Cl\u00f6rath, R\u00f6skeshof &#8211; heute Hammes<\/td><\/tr><tr><td>1757<\/td><td>Johann Neven, nicht bekannt<\/td><\/tr><tr><td>1758<\/td><td>Peter Kleinsches, nicht bekannt<\/td><\/tr><tr><td>1759<\/td><td>Jacobus Stauten, Hagwinkel, Gro\u00dfgrefertz &#8211; heute Mongs<\/td><\/tr><tr><td>1760<\/td><td>C. Kappertz u. Danuwitz, Cl\u00f6rath, Kappertzhof<\/td><\/tr><tr><td>1762<\/td><td>Johannes R\u00f6skes, Cl\u00f6rath, R\u00f6skeshof &#8211; heute Hammes<\/td><\/tr><tr><td>1764<\/td><td>Jacobus Schlo\u00dfmachers, Cl\u00f6rath, Schlo\u00dfmacherhof, heute Wolters<\/td><\/tr><tr><td>1766<\/td><td>Mathias Rechtenburg, Cl\u00f6rath, P\u00e4chter der Cl\u00f6rather M\u00fchle<\/td><\/tr><tr><td>1768<\/td><td>Conradus Welters, nicht bekannt<\/td><\/tr><tr><td>1769<\/td><td>Jacobus Stauten, Hagwinkel, Gro\u00dfgrefertz &#8211; heute Mongs<\/td><\/tr><tr><td>1772<\/td><td>Herm. Schager, Cl\u00f6rath, Schagerhof &#8211; heute Schmitter<\/td><\/tr><tr><td>1774<\/td><td>Joh. Schager, Cl\u00f6rath, Schagerhof &#8211; heute Schmitter<\/td><\/tr><tr><td>1775<\/td><td>Joh. Math. Buscher, Cl\u00f6rath, Buscherhof &#8211; heute Adrian<\/td><\/tr><tr><td>1776<\/td><td>Jacobus Stauten, Hagwinkel, Gro\u00dfgrefertz &#8211; heute Mongs<\/td><\/tr><tr><td>1777<\/td><td>Johannes R\u00f6skes, Cl\u00f6rath, R\u00f6skeshof &#8211; heute Hammes<\/td><\/tr><tr><td>1778<\/td><td>Henricus M\u00fchlen, nicht bekannt<\/td><\/tr><tr><td>1779<\/td><td>Mathias Gehlen, Cl\u00f6rath, Gehlenhof &#8211; heute Meuleners<\/td><\/tr><tr><td>1780<\/td><td>Mathias Nouens, Cl\u00f6rath, Nauelshof &#8211; heute Stauten<\/td><\/tr><tr><td>1781<\/td><td>Christianus Pesch, Am Bruch, wahrscheinlich heute Miertz<\/td><\/tr><tr><td>1782<\/td><td>Arnoldus Bengks, Cl\u00f6rath, Bengshof &#8211; heute K\u00f6ttelwesch<\/td><\/tr><tr><td>1783<\/td><td>Petrus Mols, nicht bekannt<\/td><\/tr><tr><td>1784<\/td><td>Hendricus Huytter, Cl\u00f6rath, Schuhmacherhof?<\/td><\/tr><tr><td>1785<\/td><td>Thomas Pals, Cl\u00f6rath, &#8222;Hadend\u00fcvel&#8220; &#8211; lag auf der Kappertzheide<\/td><\/tr><tr><td>1786<\/td><td>G. Ninges, Cl\u00f6rath, Gehlenhof &#8211; heute Meuleners<\/td><\/tr><tr><td>1788<\/td><td>Johannes Kempkes, Cl\u00f6rath, Haxhof &#8211; heute Daum<\/td><\/tr><tr><td>1789<\/td><td>Peter Feid, Cl\u00f6rath, Schadhof<\/td><\/tr><tr><td>1790<\/td><td>Ferdinandus Felsches, Cl\u00f6rath, Heyerhof &#8211; lag gegen\u00fcber Schlinken<\/td><\/tr><tr><td>1792<\/td><td>Joh. Laurentius Mahl, Am BRuch, Hof existiert nicht mehr<\/td><\/tr><tr><td>1793<\/td><td>Ferdinandus Felsches, Cl\u00f6rath, Heyerhof &#8211; lag gegen\u00fcber Schlinken<\/td><\/tr><tr><td>1794<\/td><td>Johannes Schager, Cl\u00f6rath, Schagerhof &#8211; heute Schmitter<\/td><\/tr><tr><td>1802<\/td><td>Johann Kersten, Cl\u00f6rath, H\u00fcpenhof &#8211; lag neben Haxhof<\/td><\/tr><tr><td>1804<\/td><td>J.P. Bueschkes, Cl\u00f6rath, Lauthenhof &#8211; heute Rippers<\/td><\/tr><tr><td>1805<\/td><td>Mathias Hacks, Cl\u00f6rath, Hackshof &#8211; heute Smolders<\/td><\/tr><tr><td>1807<\/td><td>Mathias Rechtenburg, Cl\u00f6rath, P\u00e4chter der Cl\u00f6rather M\u00fchle<\/td><\/tr><tr><td>1808<\/td><td>Johann Lauth, Cl\u00f6rath, Lauthenhof &#8211; heute Rippers<\/td><\/tr><tr><td>1809<\/td><td>Johann Peter Raetsches, Am Bruch, Hof existiert nicht mehr<\/td><\/tr><tr><td>1810<\/td><td>Andreas von des Venn, Vennheide, Mahlbauer &#8211; heute Grefertz<\/td><\/tr><tr><td>1812<\/td><td>Heinrich Donkels, nicht bekannt<\/td><\/tr><tr><td>1814<\/td><td>Peter Stauten, Hagwinkel, Gro\u00dfgrefertz &#8211; heute Mongs<\/td><\/tr><tr><td>1819<\/td><td>Johann Hansen, Hagwinkel, M\u00fcller der Neersener Schlo\u00dfm\u00fchle<\/td><\/tr><tr><td>1820<\/td><td>Jakob Kauertz, Cl\u00f6rath, P\u00e4chter der Cl\u00f6rather M\u00fchle<\/td><\/tr><tr><td>1822<\/td><td>Joh. G\u00f6rtz, Cl\u00f6rath, G\u00f6rtzhof &#8211; heute Wolters<\/td><\/tr><tr><td>1824<\/td><td>Joh. Mathias Backers, Hagwinkel, M\u00fcller der Gibberm\u00fchlen<\/td><\/tr><tr><td>1827<\/td><td>Peter Rams, Cl\u00f6rath, Ramshof &#8211; heute noch Rams<\/td><\/tr><tr><td>1830<\/td><td>P.M. Hax, Cl\u00f6rath, Haxhof &#8211; heute Daum<\/td><\/tr><tr><td>1833<\/td><td>Mathias Hansen, Cl\u00f6rath, P\u00e4chter der Cl\u00f6rather M\u00fchle<\/td><\/tr><tr><td>1834<\/td><td>Peter Mathias Pierkes, Cl\u00f6rath, lag zwischen Rams und Cl\u00f6rather M\u00fchle<\/td><\/tr><tr><td>1835<\/td><td>Jakob Kauertz, Cl\u00f6rath, fr\u00fcherer Besitzer der Cl\u00f6rather M\u00fchle<\/td><\/tr><tr><td>1836<\/td><td>Peter Wilh. Schlo\u00dfmachers, Cl\u00f6rath, Schlo\u00dfmacherhof &#8211; heute Siepen<\/td><\/tr><tr><td>1839<\/td><td>Heinrich Klaus, Cl\u00f6rath, Klaushof oder Kl\u00f6ppels &#8211; heute M\u00fcller<\/td><\/tr><tr><td>1843<\/td><td>Andreas Kleinschumachers, Cl\u00f6rath, Hof lag neben Schaad<\/td><\/tr><tr><td>1845<\/td><td>Joh. Peter Beckers, Cl\u00f6rath, Bengshof &#8211; heute K\u00f6ttelwesch<\/td><\/tr><tr><td>1850<\/td><td>P.M. Hax, Cl\u00f6rath, Haxhof &#8211; heute Daum<\/td><\/tr><tr><td>1852<\/td><td>P.J.M. Kreuels, Am Bruch, Hof existiert nicht mehr<\/td><\/tr><tr><td>1854<\/td><td>Johann Cremer, nicht bekannt<\/td><\/tr><tr><td>1858<\/td><td>P.J. Busch, Vennheide, Weyershof &#8211; heute Draak<\/td><\/tr><tr><td>1863<\/td><td>J. Goldstein, nicht bekannt<\/td><\/tr><tr><td>1864<\/td><td>J.M. Wahlen, Cl\u00f6rath, P\u00e4chter des Kappertzhofes<\/td><\/tr><tr><td>1865<\/td><td>P.J. Feld, Cl\u00f6rath, Schadhof<\/td><\/tr><tr><td>1868<\/td><td>J. Hansen, Hagwinkel, P\u00e4chter der Neersener Schlo\u00dfm\u00fchle<\/td><\/tr><tr><td>1870<\/td><td>J.P. Weertz, Cl\u00f6rath, Fingshof &#8211; heute Grefertz<\/td><\/tr><tr><td>1871<\/td><td>J.P. Wahlen, Cl\u00f6rath, P\u00e4chter des Kappertzhofes<\/td><\/tr><tr><td>1872<\/td><td>J.M. Dotten, Vennheide, Hof existiert nicht mehr<\/td><\/tr><tr><td>1879<\/td><td>Wilhem Smolders, Cl\u00f6rath, Hackshof &#8211; heute Smolders<\/td><\/tr><tr><td>1883<\/td><td>P.M. Wahlen, Cl\u00f6rath, P\u00e4chter des Kappertzhofes<\/td><\/tr><tr><td>1887<\/td><td>Johann Lauffen, Cl\u00f6rath, &#8222;Hadend\u00fcvel&#8220; &#8211; lag auf der Kappertzheide<\/td><\/tr><tr><td>1889<\/td><td>Heinrich Hacks, Cl\u00f6rath, Hackshof &#8211; heute Smolders<\/td><\/tr><tr><td>1890<\/td><td>Peter Schlinken, Cl\u00f6rath, Schlinkenhof &#8211; heute Hollenbenders<\/td><\/tr><tr><td>1893<\/td><td>Wilh. Hollenbender, Cl\u00f6rath, Schlinkenhof &#8211; heute Hollenbenders<\/td><\/tr><tr><td>1896<\/td><td>Martin Schmitter, Cl\u00f6rath, Schagerhof &#8211; heute Schmitter<\/td><\/tr><tr><td>1912<\/td><td>Jacob Schmitter, Cl\u00f6rath, Schagerhof &#8211; heute Schmitter<\/td><\/tr><tr><td>1922<\/td><td>Matthias Wahlen, Cl\u00f6rath, Haus liegt hinter dem Bahn\u00fcbergang<\/td><\/tr><tr><td>1924<\/td><td>Oskar Weschmann, Cl\u00f6rath, P\u00e4chter der Cl\u00f6rather M\u00fchle<\/td><\/tr><tr><td>1925<\/td><td>Wilhelm Lennartz, Cl\u00f6rath, &#8222;Schmitzbaum&#8220; &#8211; heute Dellen<\/td><\/tr><tr><td>1928<\/td><td>Heinrich Maa\u00dfen, Cl\u00f6rath, liegt gegen\u00fcber dem Nauelshof<\/td><\/tr><tr><td>1937<\/td><td>Franz Grefertz, Cl\u00f6rath, Fingshof &#8211; heute Grefertz<\/td><\/tr><tr><td>1938<\/td><td>Wilhelm Hegger, Cl\u00f6rath, Buscherhof &#8211; heute Adrian<\/td><\/tr><\/tbody><\/table><\/figure>\n","protected":false},"excerpt":{"rendered":"<p>1662 Plakette mit der Inschrift: &#8222;Anno 1662. Dat Schager Heider Spell, St. Johanne&#8220; 1688 Johann Schager, Cl\u00f6rath, Schagerhof &#8211; heute Schmitter 1718 Henr. Ferdinandt Lanck, Gerichtsschreiber von Neersen und Anrath 1727 Peter Rams, Cl\u00f6rath, Ramshof &#8211; heute noch Rams 1736 Conradus Voerster, Cl\u00f6rath, P\u00e4chter der Cl\u00f6rather M\u00fchle 1738 Johann R\u00f6skes, Cl\u00f6rath, R\u00f6skeshof &#8211; heute Hammes<\/p><\/div>\n<div class=\"blog-btn\"><a href=\"https:\/\/johannes-schuetzen.de\/?page_id=1202\" class=\"home-blog-btn\">Weiterlesen<\/a><\/p>\n","protected":false},"author":1,"featured_media":0,"parent":1176,"menu_order":0,"comment_status":"closed","ping_status":"closed","template":"","meta":{"footnotes":""},"class_list":["post-1202","page","type-page","status-publish","hentry"],"_links":{"self":[{"href":"https:\/\/johannes-schuetzen.de\/index.php?rest_route=\/wp\/v2\/pages\/1202","targetHints":{"allow":["GET"]}}],"collection":[{"href":"https:\/\/johannes-schuetzen.de\/index.php?rest_route=\/wp\/v2\/pages"}],"about":[{"href":"https:\/\/johannes-schuetzen.de\/index.php?rest_route=\/wp\/v2\/types\/page"}],"author":[{"embeddable":true,"href":"https:\/\/johannes-schuetzen.de\/index.php?rest_route=\/wp\/v2\/users\/1"}],"replies":[{"embeddable":true,"href":"https:\/\/johannes-schuetzen.de\/index.php?rest_route=%2Fwp%2Fv2%2Fcomments&post=1202"}],"version-history":[{"count":5,"href":"https:\/\/johannes-schuetzen.de\/index.php?rest_route=\/wp\/v2\/pages\/1202\/revisions"}],"predecessor-version":[{"id":2590,"href":"https:\/\/johannes-schuetzen.de\/index.php?rest_route=\/wp\/v2\/pages\/1202\/revisions\/2590"}],"up":[{"embeddable":true,"href":"https:\/\/johannes-schuetzen.de\/index.php?rest_route=\/wp\/v2\/pages\/1176"}],"wp:attachment":[{"href":"https:\/\/johannes-schuetzen.de\/index.php?rest_route=%2Fwp%2Fv2%2Fmedia&parent=1202"}],"curies":[{"name":"wp","href":"https:\/\/api.w.org\/{rel}","templated":true}]}}