{"id":1305,"date":"2016-04-21T12:07:16","date_gmt":"2016-04-21T10:07:16","guid":{"rendered":"http:\/\/johannes-schuetzen.de\/?page_id=1305"},"modified":"2021-11-02T17:24:16","modified_gmt":"2021-11-02T16:24:16","slug":"archiv-2014","status":"publish","type":"page","link":"https:\/\/johannes-schuetzen.de\/?page_id=1305","title":{"rendered":"Archiv 2014"},"content":{"rendered":"\n<p>1. Dezember 2014<\/p>\n\n\n\n<h1 class=\"wp-block-heading\">1.000 Euro f\u00fcr die Missionskapelle<\/h1>\n\n\n\n<figure class=\"wp-block-image alignnone\"><img  title=\"\" decoding=\"async\" src=\"https:\/\/johannes-schuetzen.de\/wp-content\/uploads\/2016\/04\/WillicherNachrichten2014-12-01-1.jpg\"  alt=\"WillicherNachrichten2014-12-01-1 Archiv 2014\" \/><figcaption>FO<em>TO: privat<\/em><\/figcaption><\/figure>\n\n\n\n<p>Das K\u00f6nigshaus der St. Johannes Johannes Sch\u00fctzengesellschaft 1662 Cl\u00f6rath Vennheide hatte zum diesj\u00e4hrigen Sch\u00fctzenfest auf Geschenke und Blumen verzichtet und stattdessen um Spenden f\u00fcr den Erhalt der Missionskapelle Vennheide gebeten.<\/p>\n\n\n\n<p>Diesem Wunsch sind die G\u00e4ste nachgekommen und haben gespendet. Zum Abschluss des K\u00f6nigsjahres haben das K\u00f6nigspaar Markus und Alexandra Berger die gesammelte Geld auf eine sch\u00f6ne runde Summe aufgestockt. Jetzt wurde der Scheck vor der Missionskapelle Vennheide dem Kirchbauverein Anrath \u00fcbergeben. Der Vorsitzende des Vereins, Alexander Poscher, danke dem K\u00f6nigshaus und freute sich \u00fcber die stolze Summe von 1000 Euro.<\/p>\n\n\n\n<p>Im Bild von links: K\u00f6nigsoffizier Marcus Herold, Alexander Poscher, das K\u00f6nigspaar 2014 Markus und Alexandra Berger, das Ministerpaar Bianca und Thomas Dix sowie Minister Roger Demers.<br>Von Lutz Sch\u00fctz<\/p>\n\n\n\n<p>Quelle: Willicher Nachrichten \/ StadtSpiegel<\/p>\n\n\n\n<hr class=\"wp-block-separator\"\/>\n\n\n\n<hr class=\"wp-block-separator\"\/>\n\n\n\n<p>22. Juni 2014 &#8211; 19:44 Uhr<\/p>\n\n\n\n<h1 class=\"wp-block-heading\">Marschieren auf langen Wegen beim Sch\u00fctzenfest<\/h1>\n\n\n\n<figure class=\"wp-block-image alignnone\"><img  title=\"\" decoding=\"async\" src=\"https:\/\/johannes-schuetzen.de\/wp-content\/uploads\/2016\/04\/WZ-2014-06-22.jpg\"  alt=\"WZ-2014-06-22 Archiv 2014\" \/><figcaption><em>Ehrungen beim Sch\u00fctzenfest. Im Mittelpunkt: Karl-Heinz Thivessen (mit Urkunde). FOTO: Kurt L\u00fcbke<\/em><\/figcaption><\/figure>\n\n\n\n<p>Von Rudolf Barnholt<\/p>\n\n\n\n<p>Beim Sch\u00fctzenfest in Cl\u00f6rath-Vennheide gab es Fu\u00dfball im Festzelt.<\/p>\n\n\n\n<p><strong>Anrath. Fu\u00dfballweltmeisterschaft und Sch\u00fctzenfest \u2013 das haben die Sch\u00fctzen in Cl\u00f6rath-Vennheide bestens unter einen Hut gebracht. Am Samstagabend spielte die Formation \u201eKlangstadt\u201c zum Tanz auf, w\u00e4hrend auf der Leinwand die Partie Deutschland gegen Ghana verfolgt werden konnte.<\/strong><\/p>\n\n\n\n<p>\u00c4rgerlich nur, dass die \u201eEcht heitere Nacht\u201c am Freitag lediglich rund 300 Besucher anzog &#8211; vor einem Jahr waren es noch rund doppelt so viele gewesen. An der Musik von \u201eDe Fruende\u201c d\u00fcrfte das nicht gelegen haben.<\/p>\n\n\n\n<p>Mit G\u00e4sten kam das Regiment auf mehr als 500 Marschierer<\/p>\n\n\n\n<p>In Cl\u00f6rath-Vennheide sind die Zugwege besonders lang. Zum Gl\u00fcck wurde das Marschieren durch sch\u00f6nstes Fr\u00fchsommerwetter erleichtert. Am Sonntag bewiesen die Sch\u00fctzen wieder einmal, was es bedeutet, gute Freunde zu haben: Zu den rund 150 eigenen Marschierern kamen jede Menge G\u00e4ste und die Musikz\u00fcge hinzu, sodass General Burkhard Meifert ein stattliches Regiment von \u00fcber 500 Beteiligten unter sich hatte.<\/p>\n\n\n\n<p>Im Mittelpunkt stand das K\u00f6nigshaus mit dem K\u00f6nigspaar Markus und Alexandra Berger. T\u00f6chterchen Nina war neben Leonie-Maya Herold, der Tochter des K\u00f6nigsoffiziers, und Hanna Fl\u00f6ren eine der drei niedlichen Blumenm\u00e4dchen.<\/p>\n\n\n\n<p>Was in Cl\u00f6rath-Vennheide immer wieder auff\u00e4llt, ist der vergleichsweise hohe Anteil an M\u00e4dchen und Frauen, die an den Paraden teilnehmen \u2013 egal, ob als blaue Musketiere oder als Fahnenschwenkerinnen mit rosa Krawatten und Fahnen in demselben Farbton.<\/p>\n\n\n\n<p>Walter Grotenburg war mit seiner schwarzen Kutsche dabei, in denen es sich vier verdiente Sch\u00fctzen bequem machten, unter ihnen der dreimalige Sch\u00fctzenk\u00f6nig und Kaiser Heinrich Linden (83). W\u00e4hrend die Kutsche am K\u00f6nigshaus und den Ehreng\u00e4sten vorbeifuhr, erhoben sich die Herren darin.<\/p>\n\n\n\n<p>Am Samstagabend schl\u00fcpfte Ministerin Bianca Dix in die Rolle der Gl\u00fccksfee: Es wurden die Preise der Tagesverlosung gezogen.<\/p>\n\n\n\n<p>Das Sch\u00fctzenwesen war in Cl\u00f6rath-Vennheide vor 40 Jahren wiederbelebt worden. Im Rahmen des Fr\u00fchschoppens am Sonntag bekamen alle, die seitdem dabei sind, eine Dankesurkunde \u00fcberreicht: Karl-Heinz Thivessen (er wurde au\u00dferdem Ehrenmitglied), Hans Peter Rams, Ferdi B\u00f6ddecker, Dieter Lambertz, Willi Adrian, Hermann-Josef Thees, Hans Albert M\u00fcller, Johannes Heeger, Ernst Neusch\u00e4fer, Maria Thees, Detlef Mersmann und Peter Meifert.<\/p>\n\n\n\n<p>Vor dem Vogelschuss am Montag hat niemand Angst: Bislang hat sich in Cl\u00f6rath-Vennheide immer ein K\u00f6nigsaspirant gefunden.<\/p>\n\n\n\n<p>Quelle: WZ<\/p>\n","protected":false},"excerpt":{"rendered":"<p>1. Dezember 2014 1.000 Euro f\u00fcr die Missionskapelle Das K\u00f6nigshaus der St. Johannes Johannes Sch\u00fctzengesellschaft 1662 Cl\u00f6rath Vennheide hatte zum diesj\u00e4hrigen Sch\u00fctzenfest auf Geschenke und Blumen verzichtet und stattdessen um Spenden f\u00fcr den Erhalt der Missionskapelle Vennheide gebeten. Diesem Wunsch sind die G\u00e4ste nachgekommen und haben gespendet. Zum Abschluss des K\u00f6nigsjahres haben das K\u00f6nigspaar Markus<\/p><\/div>\n<div class=\"blog-btn\"><a href=\"https:\/\/johannes-schuetzen.de\/?page_id=1305\" class=\"home-blog-btn\">Weiterlesen<\/a><\/p>\n","protected":false},"author":1,"featured_media":0,"parent":1184,"menu_order":0,"comment_status":"closed","ping_status":"closed","template":"","meta":{"footnotes":""},"class_list":["post-1305","page","type-page","status-publish","hentry"],"_links":{"self":[{"href":"https:\/\/johannes-schuetzen.de\/index.php?rest_route=\/wp\/v2\/pages\/1305","targetHints":{"allow":["GET"]}}],"collection":[{"href":"https:\/\/johannes-schuetzen.de\/index.php?rest_route=\/wp\/v2\/pages"}],"about":[{"href":"https:\/\/johannes-schuetzen.de\/index.php?rest_route=\/wp\/v2\/types\/page"}],"author":[{"embeddable":true,"href":"https:\/\/johannes-schuetzen.de\/index.php?rest_route=\/wp\/v2\/users\/1"}],"replies":[{"embeddable":true,"href":"https:\/\/johannes-schuetzen.de\/index.php?rest_route=%2Fwp%2Fv2%2Fcomments&post=1305"}],"version-history":[{"count":5,"href":"https:\/\/johannes-schuetzen.de\/index.php?rest_route=\/wp\/v2\/pages\/1305\/revisions"}],"predecessor-version":[{"id":2615,"href":"https:\/\/johannes-schuetzen.de\/index.php?rest_route=\/wp\/v2\/pages\/1305\/revisions\/2615"}],"up":[{"embeddable":true,"href":"https:\/\/johannes-schuetzen.de\/index.php?rest_route=\/wp\/v2\/pages\/1184"}],"wp:attachment":[{"href":"https:\/\/johannes-schuetzen.de\/index.php?rest_route=%2Fwp%2Fv2%2Fmedia&parent=1305"}],"curies":[{"name":"wp","href":"https:\/\/api.w.org\/{rel}","templated":true}]}}