{"id":1324,"date":"2016-04-21T15:01:29","date_gmt":"2016-04-21T13:01:29","guid":{"rendered":"http:\/\/johannes-schuetzen.de\/?page_id=1324"},"modified":"2021-11-02T16:56:39","modified_gmt":"2021-11-02T15:56:39","slug":"archiv-2009","status":"publish","type":"page","link":"https:\/\/johannes-schuetzen.de\/?page_id=1324","title":{"rendered":"Archiv 2009"},"content":{"rendered":"\n<p>14. Juni 2009 &#8211; 18:20 Uhr<\/p>\n\n\n\n<h1 class=\"wp-block-heading\">Anrath: Zur K\u00f6nigsparade in Uniform<\/h1>\n\n\n\n<figure class=\"wp-block-image alignnone\"><img  title=\"\" decoding=\"async\" src=\"https:\/\/johannes-schuetzen.de\/wp-content\/uploads\/2016\/04\/WZ-2009-06-14.jpg\"  alt=\"WZ-2009-06-14 Archiv 2009\" \/><figcaption>Daumen hoch: Melanie Breuer (Mitte), erste K\u00f6nigin in der langen Traditionsgeschichte der St. Johannes-Sch\u00fctzen in Cl\u00f6rath-Vennheide, genoss gut gelaunt die Parade mit ihren Musketieren (v.l.): K\u00f6nigsoffizier Andrea Ditzen, die Ministerinnen Susanne Berger und Nadine Recken. FOTO: L\u00fcbke<\/figcaption><\/figure>\n\n\n\n<p>Von Rudolf Barnholt<\/p>\n\n\n\n<p>Die holde Majest\u00e4ten-Riege der St.Johannes Sch\u00fctzen Cl\u00f6rath-Vennheide machte in Kleid und Hose eine gute Figur.<\/p>\n\n\n\n<p><strong>Anrath. Ein Zelt, ein Imbiss- und ein Toilettenwagen: In Cl\u00f6rath-Vennheide wird Sch\u00fctzenfest pur gefeiert wie in jedem Jahr. Und trotzdem war diesmal etwas wie noch nie zuvor: Das komplette K\u00f6nigshaus pr\u00e4sentiert sich in weiblicher Besetzung.<\/strong><\/p>\n\n\n\n<p>K\u00f6nigin Melanie Breuer (25) strahlte mit der Sonne um die Wette. Nicht weniger gut drauf: Die Ministerinnen Susanne Berger und Nadine Recken sowie K\u00f6nigsoffizier Andrea Ditzen.<\/p>\n\n\n\n<p>Ob so viel Frauenpower nicht die M\u00e4nner verschreckt? Keineswegs: Das Festzelt war bis jetzt sehr gut besucht. &#8222;Mittlerweile sind auch die letzten Kritiker vom K\u00f6nigshaus \u00fcberzeugt&#8220;, freut sich Pr\u00e4sident Manfred Teckenburg.<\/p>\n\n\n\n<p>Gar nicht erfreulich, was er am Samstagabend im Festzelt zu verk\u00fcnden hatte: &#8222;Unser Kassierer Willi Huppertz ist mit dem Krankenwagen abgeholt worden, es geht ihm sehr schlecht.&#8220; Aber: &#8222;Willi will, dass wir trotzdem feiern &#8211; und wir werden feiern.&#8220;<\/p>\n\n\n\n<p>&#8222;Mittlerweile sind auch die letzten Kritiker vom K\u00f6nigshaus \u00fcberzeugt.&#8220;<br>Manfred Teckenburg, Pr\u00e4sident<\/p>\n\n\n\n<p>Kr\u00e4ftig gefeiert wurde bereits am Freitagabend bei der Rock-Pop-Fete unter dem Motto &#8222;Cl\u00f6rath brennt&#8220; mit der Coverband &#8222;Roadhouse&#8220;. So richtig los ging es mit dem Sch\u00fctzenfest jedoch erst am Samstag um 15 Uhr: &#8222;Antreten bei Hermann Thees&#8220; stand da auf dem Programm &#8211; von dort aus ging es zur Kranzniederlegung am Missionskreuz Cl\u00f6rath.<\/p>\n\n\n\n<p>Richtig beeindruckend war wieder die K\u00f6nigsparade mit Teilnehmern aller Willicher Bruderschaften, der Sch\u00fctzengilde St.Konrad Grenzweg und des Willicher ASV &#8211; knapp 700 Marschierer kamen so zusammen &#8211; sie boten mit ihren abwechslungsreichen Uniformen ein buntes Bild.<\/p>\n\n\n\n<p>Melanie Breuer und ihre F\u00fchrungsriege hatten auf die blau-wei\u00dfen Uniformen der Musketiere verzichtet &#8211; sie trugen im Festzelt blau-violette Kleider, in denen die jungen Frauen toll aussahen. Zum K\u00f6nigs- beziehungsweise K\u00f6nigintanz forderte die 25-j\u00e4hrige Automobilkauffrau ihren Vater Dieter auf. Als der vor neun Jahren K\u00f6nig war, hatte sie als Hofdame ein wenig intensiver Sch\u00fctzenfestluft geschnuppert.<\/p>\n\n\n\n<p>Neben der K\u00f6nigin freuten sich am Samstagabend auch der Gesch\u00e4ftsf\u00fchrer der St.Johannes Sch\u00fctzengesellschaft 1662 Cl\u00f6rath-Vennheide Marcus Karsch und Alois Mrosch \u00fcber eine hohe Auszeichnung: Das Silberne Verdienstkreuz.<\/p>\n\n\n\n<p>Quelle: WZ<\/p>\n\n\n\n<hr class=\"wp-block-separator\"\/>\n\n\n\n<hr class=\"wp-block-separator\"\/>\n\n\n\n<p>20. Mai 2009 &#8211; 19:20 Uhr<\/p>\n\n\n\n<h1 class=\"wp-block-heading\">Sch\u00fctzenfest in Anrath: Die K\u00f6nigin der Musketiere<\/h1>\n\n\n\n<figure class=\"wp-block-image alignnone\"><img  title=\"\" decoding=\"async\" src=\"https:\/\/johannes-schuetzen.de\/wp-content\/uploads\/2016\/04\/WZ-2009-05-20.jpg\"  alt=\"WZ-2009-05-20 Archiv 2009\" \/><figcaption>Alles l\u00e4uft pr\u00e4chtig, die Musketiere verstehen sich privat bestens, von Zickenalarm keine Spur.<\/figcaption><\/figure>\n\n\n\n<p>Von Kerstin Reemen<\/p>\n\n\n\n<p>Die St. Johannes Sch\u00fctzen in Cl\u00f6rath-Vennheide haben zum ersten Mal ein rein weibliches K\u00f6nigshaus.<\/p>\n\n\n\n<p><strong>Anrath. &#8222;Einer f\u00fcr alle, alle f\u00fcr einen!&#8220; Wer den Schwur des neuen K\u00f6nigshauses w\u00f6rtlich nimmt, ist in Cl\u00f6rath-Vennheide auf dem Holzweg. Nein, Zweifel am au\u00dferordentlichen Zusammenhalt der verschworenen Gemeinschaft gibt\u2019s nicht.<\/strong><\/p>\n\n\n\n<p>Aber hier sind doch zwei Buchstaben zu viel! Also, ein R gestrichen und ein N. Jetzt stimmt\u2019s: &#8222;Eine f\u00fcr alle, alle f\u00fcr eine!&#8220; Die St. Johannes Sch\u00fctzengesellschaft Cl\u00f6rath-Vennheide 1662 hat schlie\u00dflich erstmalig seit Bestehen ein rein weibliches K\u00f6nigshaus. Un\u00fcbersehbar weiblich.<\/p>\n\n\n\n<p>Melanie Breuer (25) schaut irritiert, gerade so, als habe die Reporterin sie gerade gebeten, ihr das ABC zu erkl\u00e4ren. Am Motto der K\u00f6nigin und ihrer Musketiere wird nichts gestrichen.<\/p>\n\n\n\n<p>Noch nie hat die M\u00e4dchengruppe offenbar auch nur einen Gedanken daran verschwendet, das Weibliche besonders herauszustellen. &#8222;Wir wollten einfach nur beim Sch\u00fctzenfest dabei sein&#8220;, sagt Andrea Ditzen (34), vor 15 Jahren Gr\u00fcndungsmitglied der Musketiere und in diesem Jahr K\u00f6nigsoffizier an der Seite von Melanie Breuer.<\/p>\n\n\n\n<p>Nah dran waren sie beim Sch\u00fctzenfest zwar schon immer, aber eher Zaung\u00e4ste als Zugbegleiter. &#8222;Es waren unsere V\u00e4ter und Br\u00fcder, die marschierten. Das wollten wird auch.&#8220; 1994 fassten sich sechs junge Frauen ein Herz und sprachen beim damaligen Pr\u00e4sidenten Karl-Heinz Thivessen vor. Der zeigte sich aufgeschlossen, wollte aber erst den Uniformvorschlag der Neuen sehen.<\/p>\n\n\n\n<p>&#8222;Das Beste, was mir je passiert ist.&#8220;<br>K\u00f6nigin Melanie Breuer \u00fcber ihren entscheidenden Treffer<\/p>\n\n\n\n<p>Andrea Ditzen: &#8222;Klar war f\u00fcr uns: Keine gr\u00fcne J\u00e4gerjacke. Keine Lackschuhe.&#8220; Die Uniform der Musketiere kam gerade recht &#8211; und an. 1995 lief die junge Sch\u00fctzengruppe in Cl\u00f6rath-Vennheide zum ersten Mal mit und fiel auf. &#8222;Uns wurde applaudiert&#8220;, erinnert sich Susanne Berger, wie ihre Freundin Andrea Musketier der ersten Stunde.<\/p>\n\n\n\n<p>Nur mitmarschieren wurde den M\u00e4dchen mit den Jahren dann zu wenig. &#8222;Wir sind eine starke Gruppe und haben daf\u00fcr gek\u00e4mpft, dass wir auch auf den gro\u00dfen Vogel schie\u00dfen d\u00fcrfen&#8220;, sagt Melanie. Die Satzungs-\u00c4nderung machte den Weg f\u00fcr die Frauen schlie\u00dflich frei.<\/p>\n\n\n\n<p>Beim Gedanken an den Vogelschuss 2008, fr\u00fcher nur m\u00e4nnlichen Mitgliedern ab 21 Jahren vorbehalten, \u00fcberkommt Melanie immer noch das gro\u00dfe Kribbeln: &#8222;Erst wollten wir noch warten, aber dann sind wir angetreten. Das war einmalig. Das Beste, was mir je passiert ist&#8220;, sagt sie, grinst und genie\u00dft sichtlich die Vorbereitung f\u00fcrs gro\u00dfe Fest im Juni.<\/p>\n\n\n\n<p>Alles l\u00e4uft pr\u00e4chtig, die Musketiere verstehen sich privat bestens, von Zickenalarm keine Spur.<\/p>\n\n\n\n<p>Vater und Mutter Breuer sind mit Herzblut dabei, unterst\u00fctzen ihre K\u00f6nigin-Tochter mit Rat und Tat.<\/p>\n\n\n\n<p>Verschlossen zeigt sich Majest\u00e4t bei einer Frage, die bei einem m\u00e4nnlichen K\u00f6nigshaus keine Rolle spielen w\u00fcrde. Bei der K\u00f6nigin-Garderobe h\u00fcllen sich die Musketiere in Schweigen. K\u00f6nigsoffizier Andrea Ditzen verr\u00e4t nur: &#8222;Unsere Uniform wird dabei sein.&#8220;<\/p>\n\n\n\n<p>Melanie Breuer hat Spa\u00df: &#8222;Vielen fragen sich: Wie machen die M\u00e4dels das, gehen sie alleine oder haben sie Partner, mit Uniform oder Kleider?&#8220; Antworten darauf geben die Musketiere erst zum Fest. Solange halten sie zusammen dicht: Eine f\u00fcr alle, und alle f\u00fcr eine!<\/p>\n\n\n\n<p>Quelle: WZ<\/p>\n","protected":false},"excerpt":{"rendered":"<p>14. Juni 2009 &#8211; 18:20 Uhr Anrath: Zur K\u00f6nigsparade in Uniform Von Rudolf Barnholt Die holde Majest\u00e4ten-Riege der St.Johannes Sch\u00fctzen Cl\u00f6rath-Vennheide machte in Kleid und Hose eine gute Figur. Anrath. Ein Zelt, ein Imbiss- und ein Toilettenwagen: In Cl\u00f6rath-Vennheide wird Sch\u00fctzenfest pur gefeiert wie in jedem Jahr. Und trotzdem war diesmal etwas wie noch nie<\/p><\/div>\n<div class=\"blog-btn\"><a href=\"https:\/\/johannes-schuetzen.de\/?page_id=1324\" class=\"home-blog-btn\">Weiterlesen<\/a><\/p>\n","protected":false},"author":1,"featured_media":0,"parent":1184,"menu_order":0,"comment_status":"closed","ping_status":"closed","template":"","meta":{"footnotes":""},"class_list":["post-1324","page","type-page","status-publish","hentry"],"_links":{"self":[{"href":"https:\/\/johannes-schuetzen.de\/index.php?rest_route=\/wp\/v2\/pages\/1324","targetHints":{"allow":["GET"]}}],"collection":[{"href":"https:\/\/johannes-schuetzen.de\/index.php?rest_route=\/wp\/v2\/pages"}],"about":[{"href":"https:\/\/johannes-schuetzen.de\/index.php?rest_route=\/wp\/v2\/types\/page"}],"author":[{"embeddable":true,"href":"https:\/\/johannes-schuetzen.de\/index.php?rest_route=\/wp\/v2\/users\/1"}],"replies":[{"embeddable":true,"href":"https:\/\/johannes-schuetzen.de\/index.php?rest_route=%2Fwp%2Fv2%2Fcomments&post=1324"}],"version-history":[{"count":5,"href":"https:\/\/johannes-schuetzen.de\/index.php?rest_route=\/wp\/v2\/pages\/1324\/revisions"}],"predecessor-version":[{"id":2603,"href":"https:\/\/johannes-schuetzen.de\/index.php?rest_route=\/wp\/v2\/pages\/1324\/revisions\/2603"}],"up":[{"embeddable":true,"href":"https:\/\/johannes-schuetzen.de\/index.php?rest_route=\/wp\/v2\/pages\/1184"}],"wp:attachment":[{"href":"https:\/\/johannes-schuetzen.de\/index.php?rest_route=%2Fwp%2Fv2%2Fmedia&parent=1324"}],"curies":[{"name":"wp","href":"https:\/\/api.w.org\/{rel}","templated":true}]}}