{"id":1460,"date":"2016-06-07T10:41:31","date_gmt":"2016-06-07T08:41:31","guid":{"rendered":"http:\/\/johannes-schuetzen.de\/?page_id=1460"},"modified":"2021-11-02T19:02:30","modified_gmt":"2021-11-02T18:02:30","slug":"archiv-2016","status":"publish","type":"page","link":"https:\/\/johannes-schuetzen.de\/?page_id=1460","title":{"rendered":"Archiv 2016"},"content":{"rendered":"\n<p><strong>19. November 2016<\/strong><\/p>\n\n\n\n<h2 class=\"wp-block-heading\"><strong>Cl\u00f6rath-Vennheider Sch\u00fctzen haben wieder einen K\u00f6nig<\/strong><\/h2>\n\n\n\n<p><em><strong>Stadt Willich<\/strong><\/em><strong>&nbsp;Trotz fehlenden K\u00f6nigshauses war das Sch\u00fctzen- und Heimatfest der St.-Johannes-Sch\u00fctzengesellschaft Cl\u00f6rath-Vennheide ein Erfolg. Eine positive Bilanz wurde jetzt bei der Jahresversammlung in der Anrather Haus-Brauerei Schmitz-M\u00f6nk gezogen. Pr\u00e4sident bleibt Marcus Herold. Er wurde f\u00fcr die n\u00e4chsten drei Jahre wieder gew\u00e4hlt.<\/strong><\/p>\n\n\n\n<p>Die Gesellschaft m\u00f6chte die Jugend st\u00e4rker voranbringen. Es hatte schon eine erste Jugendversammlung gegeben. In K\u00fcrze wird sich daraus ein Jugendvorstand bilden und eine Vertretung, die die jungen Sch\u00fctzen im Hauptvorstand vertreten soll.<\/p>\n\n\n\n<p>Gedankt wurde Susanne Berger, die nach fast 20-j\u00e4hriger Vorstandsarbeit als 1. Schriftf\u00fchrerin nicht mehr kandidierte; ihre Aufgaben \u00fcbernahm Christian Maritzen. Die neue 2. Schriftf\u00fchrerin hei\u00dft Melanie Altmayer, wieder gew\u00e4hlt wurde Beisitzer Andr\u00e9 Sieben. Die Versammlung best\u00e4tigte General Burkhard Meifert, General-Adjutant Roger Demers, Major Andreas Teschen, Major-Adjutant Pascal Dix und Regimentsspie\u00df Daniel Ricken.<\/p>\n\n\n\n<p>Zur Freude der Sch\u00fctzen kann man im n\u00e4chsten Jahr wieder das K\u00f6nigssilber herausholen, denn der neue K\u00f6nig hei\u00dft beim n\u00e4chsten Fest Dieter Altmayer. Nur Formsache war der obligatorische Beschluss, auch im Jahr 2018 ein Sch\u00fctzenfest in den Anrather Honschaften durchzuf\u00fchren.<\/p>\n\n\n\n<p>Bei der Generalversammlung wurden ferner die besten Sch\u00fctzen und Z\u00fcge des Pokalschie\u00dfens ausgezeichnet. Bei den Gruppen gewannen &#8222;Die Kavaliere&#8220; mit 176 Ringen vor &#8222;Obercl\u00f6rath&#8220; (159) und &#8222;De Heitere&#8220; (148). Bester Einzelsch\u00fctze war Anette Hegger, dahinter: Andreas Brons, Peter Borger und Mike Kunze. Bei den Jungsch\u00fctzen holte sich Celine Herold den Sieg vor Miriam Schmitz, Sophie Recken und Timo Leven. Und den Sonderpokal bei den Senioren bekam Peter Borger vor Norbert Strathmann.<\/p>\n\n\n\n<p>Quelle: RP-Online<\/p>\n\n\n\n<hr class=\"wp-block-separator\"\/>\n\n\n\n<p><strong>18. November 2016<\/strong><\/p>\n\n\n\n<h2 class=\"wp-block-heading\"><strong>Marcus Herold bleibt Pr\u00e4sident<\/strong><\/h2>\n\n\n\n<p><em><strong>Willich<\/strong><\/em><strong>&nbsp;ANRATH (djm) Marcus Herold bleibt weitere drei Jahre Pr\u00e4sident der St. Johannes Sch\u00fctzengesellschaft 1662 Cl\u00f6rath-Vennheide. Er wurde bei der Jahreshauptversammlung wieder gew\u00e4hlt. Einen Wechsel gab es im Amt des 1. Schriftf\u00fchrers: Nachfolger von Susanne Berger, die fast 20 Jahre im Vorstand mitgearbeitet hat, wurde Christian Maritzen, bisheriger 2. Schriftf\u00fchrer. Nachfolgerin wurde hier Melanie Altmayer. Heiner Schmitz wurde zum 3. Beisitzer wieder gew\u00e4hlt, neuer Kassenpr\u00fcfer ist Andre Sieben.<\/strong><\/p>\n\n\n\n<p>ANRATH (djm) Marcus Herold bleibt weitere drei Jahre Pr\u00e4sident der St. Johannes Sch\u00fctzengesellschaft 1662 Cl\u00f6rath-Vennheide. Er wurde bei der Jahreshauptversammlung wieder gew\u00e4hlt. Einen Wechsel gab es im Amt des 1. Schriftf\u00fchrers: Nachfolger von Susanne Berger, die fast 20 Jahre im Vorstand mitgearbeitet hat, wurde Christian Maritzen, bisheriger 2. Schriftf\u00fchrer. Nachfolgerin wurde hier Melanie Altmayer. Heiner Schmitz wurde zum 3. Beisitzer wieder gew\u00e4hlt, neuer Kassenpr\u00fcfer ist Andre Sieben.<\/p>\n\n\n\n<p>Im Nachhinein waren die Sch\u00fctzen sehr zufrieden mit dem Verlauf des Sch\u00fctzenfestes &#8211; auch wenn es kein K\u00f6nigshaus gab. Umso sch\u00f6ner: Das &#8222;eingemottete&#8220; K\u00f6nigssilber wurde herausgeholt und an den neuen K\u00f6nig f\u00fcr 2017, Klaus-Dieter Altmayer, \u00fcbergeben. Auch das Sch\u00fctzenfest 2018 wurde einstimmig beschlossen. Auch die Sieger des Hermann-Adrian-Ged\u00e4chtnispokals wurden geehrt. Beste Gruppe wurden &#8222;De Kavaliere&#8220; mit 176, beste Einzelsch\u00fctzin Anette Hegger (80 Ringe).<\/p>\n\n\n\n<p>Quelle: RP-Online<\/p>\n\n\n\n<hr class=\"wp-block-separator\"\/>\n\n\n\n<p><strong>01. Juni 2016<\/strong><\/p>\n\n\n\n<h2 class=\"wp-block-heading\">Neuer K\u00f6nig bei Cl\u00f6rather Sch\u00fctzen<\/h2>\n\n\n\n<figure class=\"wp-block-image size-full\"><img  title=\"\" loading=\"lazy\" decoding=\"async\" width=\"940\" height=\"528\" src=\"https:\/\/johannes-schuetzen.de\/wp-content\/uploads\/2021\/11\/2016_Neuer-Koenig-bei-Cloerather-Schuetzen.jpg\"  alt=\"2016_Neuer-Koenig-bei-Cloerather-Schuetzen Archiv 2016\"  class=\"wp-image-2686\" srcset=\"https:\/\/johannes-schuetzen.de\/wp-content\/uploads\/2021\/11\/2016_Neuer-Koenig-bei-Cloerather-Schuetzen.jpg 940w, https:\/\/johannes-schuetzen.de\/wp-content\/uploads\/2021\/11\/2016_Neuer-Koenig-bei-Cloerather-Schuetzen-550x309.jpg 550w, https:\/\/johannes-schuetzen.de\/wp-content\/uploads\/2021\/11\/2016_Neuer-Koenig-bei-Cloerather-Schuetzen-150x84.jpg 150w, https:\/\/johannes-schuetzen.de\/wp-content\/uploads\/2021\/11\/2016_Neuer-Koenig-bei-Cloerather-Schuetzen-768x431.jpg 768w\" sizes=\"auto, (max-width: 940px) 100vw, 940px\" \/><figcaption><em>(von links) K\u00f6nigsoffizier Susanne Berger, Monika und Klaus-Dieter Will (Ministerpaar), K\u00f6nig Klaus-Dieter Altmayer und K\u00f6nigin Walburga, Vizeb\u00fcrgermeister Guido G\u00f6rtz, Janette und Marcus Herold (Ministerpaar). Foto: ACHIM H\u00dcSKE<\/em>S<\/figcaption><\/figure>\n\n\n\n<p><em><strong>Stadt Willich<\/strong><\/em><strong>\u00a0Beim Vogelschuss der St. Johannes Sch\u00fctzengesellschaft 1662 Cl\u00f6rath-Vennheide gab es ein Novum: Am Montagabend wurde der Wettbewerb ausschlie\u00dflich unter den Mitgliedern des gesch\u00e4ftsf\u00fchrenden Vorstandes ausgetragen. Das Ergebnis: Der 1. Kassierer, Klaus-Dieter Altmayer, holte um 20.21 Uhr mit dem 298. Schuss den Vogel von der Stange. Zu seinen Ministern ernannte er den Pr\u00e4sidenten der Sch\u00fctzengesellschaft, Marcus Herold, und den Gesch\u00e4ftsf\u00fchrer Klaus-Dieter Will. K\u00f6nigsoffizierin ist die 1. Schriftf\u00fchrerin Susanne Berger.<\/strong><\/p>\n\n\n\n<p>Der neue K\u00f6nig wird begleitet von Ehefrau Walburga. Er ist 54 Jahre und arbeitet als technischer Angestellter. Mitglied der Cl\u00f6rather Sch\u00fctzengesellschaft ist er seit 2004, seit 2011 als 1. Kassierer im Vorstand t\u00e4tig. &#8222;Unsere Sch\u00fctzengesellschaft ist gut aufgestellt, die Jugendarbeit funktioniert gut. Spannend ist nat\u00fcrlich immer die Frage, ob wir auch im n\u00e4chsten Jahr wieder einen K\u00f6nig haben&#8220;, so der neue K\u00f6nig &#8211; aber er hofft darauf, dass sich Bewerber finden, denn ohne K\u00f6nigshaus sei ein Sch\u00fctzenfest doch nicht vollst\u00e4ndig.<\/p>\n\n\n\n<p>Quelle: RP-Online<\/p>\n\n\n\n<hr class=\"wp-block-separator\"\/>\n\n\n\n<p><strong>31. Mai 2016<\/strong><\/p>\n\n\n\n<h2 class=\"wp-block-heading\">Ehrungen in Cl\u00f6rath-Vennheide<\/h2>\n\n\n\n<figure class=\"wp-block-image size-full\"><img  title=\"\" loading=\"lazy\" decoding=\"async\" width=\"940\" height=\"528\" src=\"https:\/\/johannes-schuetzen.de\/wp-content\/uploads\/2021\/11\/2016_Ehrungen-in-Cloerath-Vennheide.jpg\"  alt=\"2016_Ehrungen-in-Cloerath-Vennheide Archiv 2016\"  class=\"wp-image-2685\" srcset=\"https:\/\/johannes-schuetzen.de\/wp-content\/uploads\/2021\/11\/2016_Ehrungen-in-Cloerath-Vennheide.jpg 940w, https:\/\/johannes-schuetzen.de\/wp-content\/uploads\/2021\/11\/2016_Ehrungen-in-Cloerath-Vennheide-550x309.jpg 550w, https:\/\/johannes-schuetzen.de\/wp-content\/uploads\/2021\/11\/2016_Ehrungen-in-Cloerath-Vennheide-150x84.jpg 150w, https:\/\/johannes-schuetzen.de\/wp-content\/uploads\/2021\/11\/2016_Ehrungen-in-Cloerath-Vennheide-768x431.jpg 768w\" sizes=\"auto, (max-width: 940px) 100vw, 940px\" \/><figcaption>v. l. Marcus Herold (Pr\u00e4sident), Annette Hegger, Dieter Breuer, Simone Lier, Johanna Esters, Peeter Borger, Norbert Strathmann, Hermann Thees. Foto: H\u00dcSKES<\/figcaption><\/figure>\n\n\n\n<p>Stadt Willich Eine besondere Ehrung gab es am Sonntagvormittag im Festzelt der St. Johannes Sch\u00fctzengesellschaft 1662 Cl\u00f6rath-Vennheide: Pr\u00e4sident Marcus Herold verlieh dem Beigeordneten a.D. der Stadt Willich, Wilhelm Spee, den Vereinsorden in Bronze.<\/p>\n\n\n\n<p>Spee kommt seit Jahren immer zur Sonntagmorgen-Parade. Die weiteren Ehrungen fanden am Samstagabend statt: Den Vereinsorden in Bronze erhielt auch Annette Hegger, den Vereinsorden in Silber Simone Lier. Den Vereinsorden in Gold gab es f\u00fcr Dieter Breuer und Hermann Thees. Das Silberne Verdienstkreuz des Bundes der historischen Sch\u00fctzenbruderschaften erhielten Norbert Strathmann und Peter Borger.<\/p>\n\n\n\n<p>Quelle: RP-Online<\/p>\n\n\n\n<hr class=\"wp-block-separator\"\/>\n\n\n\n<p><strong>30. Mai 2016<\/strong><\/p>\n\n\n\n<h2 class=\"wp-block-heading\">Ein Gru\u00df dem &#8222;kleinen&#8220; Prinzenpaar<\/h2>\n\n\n\n<figure class=\"wp-block-image alignnone\"><img  title=\"\" decoding=\"async\" src=\"https:\/\/johannes-schuetzen.de\/wp-content\/uploads\/2016\/06\/RP2016-05-30.jpg\"  alt=\"RP2016-05-30 Archiv 2016\" \/><figcaption><em>Zackig pr\u00e4sentierten sich die Cl\u00f6rather Sch\u00fctzen bei der Parade, die gestern Morgen vor der Ehrentrib\u00fcne in Vennheide stattfand. FOTO: Achim H\u00fcskes<\/em><\/figcaption><\/figure>\n\n\n\n<p><strong>Stadt Willich. Zwar ohne K\u00f6nig, aber mit viel guter Stimmung: Die St. Johannes Sch\u00fctzengesellschaft Cl\u00f6rath-Vennheide feierte ein fr\u00f6hliches Sch\u00fctzenfest. Von Nadia Joppen<\/strong><\/p>\n\n\n\n<p>In diesem Jahr hie\u00df es bei der gro\u00dfen Morgenparade: &#8222;Zur Meldung an die Sch\u00fcler- und die Jungsch\u00fctzen-Prinzessin: Pr\u00e4sentiert das Gewehr.&#8220; Die Sch\u00fctzen der Johannes Sch\u00fctzengesellschaft Cl\u00f6rath-Vennheide machten aus der Not eine Tugend. In Ermangelung eines &#8222;gro\u00dfen&#8220; K\u00f6nigshauses f\u00fchrten Sch\u00fcler-Prinzessin Johanna Esters (14) und Jungsch\u00fctzen-Prinzessin Sophie Recken (16) das Sch\u00fctzenregiment durch das Fest. Beide hatten am Donnerstagnachmittag bei den Jugend-Wettbewerben den Vogel von der Stange geholt &#8211; Sch\u00fcler-Prinzessin Johanna per Armbrust, Jungsch\u00fctzen-Prinzessin Sophie schon mit dem Klein-Kaliber. Sie stammen aus der Gruppe der &#8222;Cl\u00f6rather Lilien&#8220;.<br>Insgesamt waren Pr\u00e4sident Marcus Herold und der 2. Schriftf\u00fchrer Christian Maritzen mit dem bisherigen Verlauf des Sch\u00fctzenfestes und vor allem der Sonntagsmorgen-Parade mit Gro\u00dfem Zapfenstreich zufrieden. Zur traditionellen Party &#8222;Cl\u00f6rath brennt&#8220; mit DJ Norbert, guter Musik und guter Stimmung waren Freitag rund 300 G\u00e4ste gekommen. Diese Zahl sei f\u00fcr sehr gut, so Maritzen &#8211; denn durch die Lage der Honschaft m\u00fcssten ausw\u00e4rtige G\u00e4ste immer mit Auto oder Taxi kommen und gehen, aber &#8222;das hat Spa\u00df gemacht bis in den fr\u00fchen Morgen&#8220;.<br>Am Samstag legten die Sch\u00fctzen eine stramme Laufleistung hin, rund 15000 Schritte habe man gez\u00e4hlt, so Maritzen. Nach dem Antreten bei Familie Thees ging es zur Kranzniederlegung am Missionskreuz, dann zum Gottesdienst nach Anrath. Beim abendlichen Ball hatten die Cl\u00f6rather Prinzessinnen ihren ersten gro\u00dfen Auftritt: Sie absolvierten &#8211; unterst\u00fctzt von den Gast-K\u00f6nigsh\u00e4usern St. Sebastianus Willich, St. Sebastianus Anrath, St. Sebastianus Neersen sowie St. Konrad Sch\u00fctzengilde Grenzweg &#8211; den K\u00f6nigstanz &#8211; Johanna mit ihrem Vater Michael Paschen und Sophie mit ihrem Vater Christian Schmidt-Recken. Beide sind ebenfalls langj\u00e4hrige Sch\u00fctzen bei der B\u00fcrgerwehr. Bei der gro\u00dfen Morgenparade waren in Cl\u00f6rath insgesamt rund 350 Sch\u00fctzen, G\u00e4ste und Musiker auf der Stra\u00dfe. Die Zuschauer verfolgen eine einwandfreie Parade und einen sehr gut gespielten &#8222;Gro\u00dfen Zapfenstreich&#8220;. Besonders nett: Traditionell fahren die Sch\u00fctzen-Senioren Karl-Heinz Thevissen, Hermann Thees, Heinz Linden und Helmut Gietmann in der Kutsche mit &#8211; drei der vier \u00e4lteren Herren erhoben sich beim Vorbeifahren zum Gru\u00df f\u00fcr die Prinzessinnen.<br>Heute wird es spannend: Um 17 Uhr ist Vogelschuss. Am Sonntagvormittag hatte Pr\u00e4sident Herold keine Info, ob sich ein Bewerber findet, &#8222;aber ich gehe schwer davon aus, dass wir nicht zwei Jahre ohne K\u00f6nig sind&#8220;, meinte er. Maritzen erg\u00e4nzte, es gebe Interessenten, aber es muss sich traditionell niemand im Vorfeld beim Vorstand melden.<\/p>\n\n\n\n<p>Quelle: RP-Online<\/p>\n\n\n\n<hr class=\"wp-block-separator\"\/>\n\n\n\n<p><strong>25. Mai 2016<\/strong><\/p>\n\n\n\n<h2 class=\"wp-block-heading\">Gro\u00dfe Feier \u2013 ohne K\u00f6nig<\/h2>\n\n\n\n<figure class=\"wp-block-image alignnone\"><img  title=\"\" decoding=\"async\" src=\"https:\/\/johannes-schuetzen.de\/wp-content\/uploads\/2016\/06\/WillicherNachrichten2016-05-25.jpg\"  alt=\"WillicherNachrichten2016-05-25 Archiv 2016\" \/><figcaption><em>Zapfenstreich vor K\u00f6nigin Simone I. Lier beim letztj\u00e4hrigen Sch\u00fctzenfest. In diesem Jahr nimmt der Vorstand der Sch\u00fctzengesellschaft die Parade a<\/em>b. <em>FOTO: Kunze<\/em><\/figcaption><\/figure>\n\n\n\n<p><strong>Anrath. Kein K\u00f6nig? \u2013 Das l\u00e4sst die St. Johannes-Sch\u00fctzengesellschaft 1662 aus Cl\u00f6rath-Vennheide nicht verzagen. Das gro\u00dfe Sch\u00fctzenfest wird trotzdem unverdrossen und wie gewohnt gefeiert. Einziger f\u00fchlbarer Unterschied in der Sch\u00fctzendemokratie: Der Verein wird diesmal beim Sch\u00fctzenfest durch den Vorstand repr\u00e4sentiert. Von Lutz Sch\u00fctz<\/strong><\/p>\n\n\n\n<p>Um Pr\u00e4sident Marcus Herold scharen sich Vize Axel Kr\u00fcger, Gesch\u00e4ftsf\u00fchrer Klaus-Dieter Will und Kassierer Klaus-Dieter Altmayer. Den Part der ebenfalls fehlenden K\u00f6nigin \u00fcbernimmt ersatzweise Schriftf\u00fchrerin Susanne Berger.<br>Den Auftakt zum Cl\u00f6rather Festreigen macht der Nachwuchs. Schon Morgen ab 15 Uhr werden an der Schie\u00dfrute Meier ab 15 Uhr der Sch\u00fcler- und der Jugendprinz ermittelt. Die Resultate werden dann unter den Sch\u00fctzen im kleineren Kreise gefeiert.<br>Am Freitag werden die Festmaien der einzelnen Gruppen gesetzt und ab 20 Uhr signalisiert auch die Festmaie am Sch\u00fctzenzelt, dass es nun richtig losgeht. \u201eCl\u00f6rath brennt\u201c hei\u00dft seit Jahren die Party, die \u2013 noch in zivil \u2013 bis in den Morgen dauert. DJ Norbert legt auf und heizt dem Partyvolk so richtig ein.<br>In ihren abwechslungsreichen Uniformen treten die verschiedenen Gruppen des Regimentes erstmals am Samstag um 14.30 Uhr auf dem Hof der Familie Thees an. Frisch gemustert folgen sie ihrem General Burkhard Meifert zum Ehrenmal. Hier gedenken die Sch\u00fctzen gegen 15.45 Uhr ihrer Verstorbenen. Anschlie\u00dfend geht es mit klingendem Spiel weiter ins benachbarte Anrath, denn die Festmesse wird traditionell in der St. Johannes-Kirche zelebriert (17 Uhr). Von dort ziehen die Sch\u00fctzen zur\u00fcck in ihre Honschaft. Ab 19.30 Uhr spielt die Band \u201eKlangstadt\u201c hier zur Tanzveranstaltung auf.<\/p>\n\n\n\n<p>H\u00f6hepunkt des Festes ist stets der Sonntag. Punkt 8 Uhr wird an der Schie\u00dfanlage angetreten. Mit dabei sind zahlreiche Gastvereine. So werden Abordnungen vom Grenzweg, aus Anrath und Neersen, aus Klein-Jerusalem, Hagen und Alt-Willich sowie Schiefbahn und Niederheide erwartet, die dann gemeinsam mit Fahnen und K\u00f6nigsh\u00e4usern zur Parade (ab 9.30 Uhr) vor der Ehrentrib\u00fcne in Vennheide aufziehen. Im Anschluss wird vor den versammelten K\u00f6nigsh\u00e4usern und Honoratioren der Gro\u00dfe Zapfenstreich gespielt. Danach k\u00f6nnen es sich Sch\u00fctzen und Musiker beim Musikalischen Fr\u00fchschoppen im Festzelt gutgehen lassen.<br>Nach einer ausgedehnten Mittagspause sind alle frisch genug f\u00fcr die Abendparade um 19 Uhr in Vennheide. Von dort geht es dann direkt wieder ins Festzelt, wo der Sch\u00fctzenball von der Gruppe \u201eHerzschlag\u201c musikalisch gestaltet wird.<br>Am Montag hoffen alle Cl\u00f6rath-Vennheider, dass die Zeit ohne K\u00f6nig endlich zu Ende geht. Vom B\u00f6kel zieht das Regiment zur Schie\u00dfanlage Meier, wo der Appell durch Regimentsspie\u00df Daniel Ricken (16.30 Uhr) daf\u00fcr sorgen soll, dass alle Sch\u00fctzen und ihre Ausr\u00fcstung in einwandfreiem Zustand sind. Dann kann das Vogelschie\u00dfen beginnen. Alle Sch\u00fctzen hoffen, dass diesmal mindestens ein beherztes Mitglied an die Vogelstange tritt, um das royale Federvieh von der Stange zu putzen. DenFestausklang im Gesellschaftszelt an der Schie\u00dfanlage wird dann die Kr\u00f6nung der neuen Majest\u00e4t von Cl\u00f6rath-Vennheide bilden.<\/p>\n\n\n\n<p>Quelle: StadtSpiegel \/ Willicher Nachrichten<\/p>\n\n\n\n<hr class=\"wp-block-separator\"\/>\n\n\n\n<p><strong>24. Mai 2016<\/strong><\/p>\n\n\n\n<h2 class=\"wp-block-heading\">Voller Festkalender auch ohne K\u00f6nig<\/h2>\n\n\n\n<p><strong>Stadt Willich. Sch\u00fctzenfest in Cl\u00f6rath-Vennheide: Es ist eine kleine Honschaft, aber das Feiern lassen sich die Sch\u00fctzen nicht nehmen: Die Sch\u00fctzengesellschaft Cl\u00f6rath-Vennheide feiert ihr Fest. Von Nadia Joppen<\/strong><\/p>\n\n\n\n<p>Sie machen das Beste aus einer nicht ganz gl\u00fccklichen Situation: Zwar haben die Sch\u00fctzen der St. Johannes Sch\u00fctzengesellschaft 1662 Cl\u00f6rath-Vennheide in diesem Jahr kein K\u00f6nigshaus, aber sie freuen sich trotzdem auf ihr Sch\u00fctzenfest vom 26. bis zum 30. Mai.<br>Das Fest wird in diesem Jahr vom Vorstand um den Pr\u00e4sidenten der Sch\u00fctzengesellschaft, Marcus Herold, geleitet &#8211; im gewohnten Rahmen, in dem nur zwei kleinere Termine entfallen, die direkt mit dem jeweiligen K\u00f6nigshaus verbunden sind.<br>Zu den Festvorbereitungen geh\u00f6rt nat\u00fcrlich das Schm\u00fccken der Stra\u00dfen und der Kinder- und Jugendburg &#8211; am 8. April wurden hierf\u00fcr im Landgasthaus &#8222;am Kapellchen&#8220; ausreichend Papierr\u00f6schen gedreht.<br>Zu ihrem Fest erwarten die Cl\u00f6rather Sch\u00fctzen wieder viele Gastvereine &#8211; so kommen Vertreter der St. Konrad Sch\u00fctzengilde Grenzweg, der St. Sebastianus Bruderschaften Anrath, Neersen, Schiefbahn und Willich, aus dem Sch\u00fctzenverein Klein-Jerusalem, von der St. Hubertus Sch\u00fctzengesellschaft Hagen sowie vom ASV Willich und von der St. Johannes Bruderschaft Niederheide.<\/p>\n\n\n\n<p>Wie in den Vorjahren gestalten die Sch\u00fctzen-Jugendlichen den Auftakt: Am Fronleichnams-Donnerstag, 26. Mai, ab 15 Uhr, ist der Vogelschuss f\u00fcr den Sch\u00fcler- und den Jungsch\u00fctzen-K\u00f6nig eingeplant.<br>Am Freitagabend wird dann so richtig gefeiert: Nach dem Zeltmai-setzen (20 Uhr) folgt ab 20.30 Uhr &#8222;Cl\u00f6rath brennt&#8220; &#8211; die Nonstop-Party bietet freien Eintritt in das Sch\u00fctzenzelt. Mit DJ Norbert legt ein in Cl\u00f6rath-Vennheide gut bekannter DJ auf.<\/p>\n\n\n\n<p>Traditionell und feierlich beginnt der Samstag: Die Sch\u00fctzen legen am Missionskreuz in Cl\u00f6rath einen Kranz nieder, danach ziehen sie zur Festmesse in die St. Johannes Pfarrkirche Anrath (ab 17 Uhr).<br>Ab 19.30 Uhr treffen sich Sch\u00fctzen und G\u00e4ste im Festzelt zur Tanzveranstaltung &#8211; es spielt die Band &#8222;Klangstadt&#8220; aus Grevenbroich. Auch an diesem Abend ist der Eintritt in das Sch\u00fctzenzelt frei.<br>Relativ fr\u00fch beginnt dann am Sonntag die Parade mit Gro\u00dfem Zapfenstreich: Die Sch\u00fctzen paradieren ab 9.30 Uhr vor der Ehrentrib\u00fcne in Vennheide &#8211; vor den Ehreng\u00e4sten und dem gesch\u00e4ftsf\u00fchrenden Vorstand der Gesellschaft statt einem K\u00f6nig. Danach geht es zum musikalischen Fr\u00fchschoppen in das Festzelt. Nach der Abendparade um 19 Uhr laden die Sch\u00fctzen zum Ball in das Festzelt ein, es spielt die Band Nightlife &#8211; bei freiem Eintritt.<br>Hoffentlich spannend wird es am Montag, 30. Mai: Um 17 Uhr beginnt der Vogelschuss-Wettbewerb f\u00fcr die Sch\u00fctzenmajest\u00e4t des Jahres 2017, und die Gesellschaft hofft, dass sich Bewerber finden. Die K\u00f6nigskr\u00f6nung ist f\u00fcr 20.30 Uhr terminiert.<br>Das Sch\u00fctzenfest klingt dann am Freitag, 3. Juni, aus &#8211; mit der traditionellen Hexenverbrennung auf dem Festzelt-Platz.<\/p>\n\n\n\n<p>Quelle: RP<\/p>\n","protected":false},"excerpt":{"rendered":"<p>19. November 2016 Cl\u00f6rath-Vennheider Sch\u00fctzen haben wieder einen K\u00f6nig Stadt Willich&nbsp;Trotz fehlenden K\u00f6nigshauses war das Sch\u00fctzen- und Heimatfest der St.-Johannes-Sch\u00fctzengesellschaft Cl\u00f6rath-Vennheide ein Erfolg. Eine positive Bilanz wurde jetzt bei der Jahresversammlung in der Anrather Haus-Brauerei Schmitz-M\u00f6nk gezogen. Pr\u00e4sident bleibt Marcus Herold. Er wurde f\u00fcr die n\u00e4chsten drei Jahre wieder gew\u00e4hlt. Die Gesellschaft m\u00f6chte die Jugend<\/p><\/div>\n<div class=\"blog-btn\"><a href=\"https:\/\/johannes-schuetzen.de\/?page_id=1460\" class=\"home-blog-btn\">Weiterlesen<\/a><\/p>\n","protected":false},"author":1,"featured_media":0,"parent":1184,"menu_order":0,"comment_status":"closed","ping_status":"closed","template":"","meta":{"footnotes":""},"class_list":["post-1460","page","type-page","status-publish","hentry"],"_links":{"self":[{"href":"https:\/\/johannes-schuetzen.de\/index.php?rest_route=\/wp\/v2\/pages\/1460","targetHints":{"allow":["GET"]}}],"collection":[{"href":"https:\/\/johannes-schuetzen.de\/index.php?rest_route=\/wp\/v2\/pages"}],"about":[{"href":"https:\/\/johannes-schuetzen.de\/index.php?rest_route=\/wp\/v2\/types\/page"}],"author":[{"embeddable":true,"href":"https:\/\/johannes-schuetzen.de\/index.php?rest_route=\/wp\/v2\/users\/1"}],"replies":[{"embeddable":true,"href":"https:\/\/johannes-schuetzen.de\/index.php?rest_route=%2Fwp%2Fv2%2Fcomments&post=1460"}],"version-history":[{"count":14,"href":"https:\/\/johannes-schuetzen.de\/index.php?rest_route=\/wp\/v2\/pages\/1460\/revisions"}],"predecessor-version":[{"id":2689,"href":"https:\/\/johannes-schuetzen.de\/index.php?rest_route=\/wp\/v2\/pages\/1460\/revisions\/2689"}],"up":[{"embeddable":true,"href":"https:\/\/johannes-schuetzen.de\/index.php?rest_route=\/wp\/v2\/pages\/1184"}],"wp:attachment":[{"href":"https:\/\/johannes-schuetzen.de\/index.php?rest_route=%2Fwp%2Fv2%2Fmedia&parent=1460"}],"curies":[{"name":"wp","href":"https:\/\/api.w.org\/{rel}","templated":true}]}}