{"id":2427,"date":"2021-10-26T21:52:48","date_gmt":"2021-10-26T19:52:48","guid":{"rendered":"https:\/\/johannes-schuetzen.de\/?page_id=2427"},"modified":"2023-02-03T20:55:32","modified_gmt":"2023-02-03T19:55:32","slug":"koenigshaus-2020","status":"publish","type":"page","link":"https:\/\/johannes-schuetzen.de\/?page_id=2427","title":{"rendered":"K\u00f6nigshaus 2020-2022"},"content":{"rendered":"\n<figure class=\"wp-block-image size-large\"><img  title=\"\" loading=\"lazy\" decoding=\"async\" width=\"1024\" height=\"684\" src=\"https:\/\/johannes-schuetzen.de\/wp-content\/uploads\/2023\/02\/28D048BF-7EB5-487C-A4BA-F23D8B7DC34D-1024x684.jpeg\"  alt=\"28D048BF-7EB5-487C-A4BA-F23D8B7DC34D-1024x684 K\u00f6nigshaus 2020-2022\"  class=\"wp-image-2755\" srcset=\"https:\/\/johannes-schuetzen.de\/wp-content\/uploads\/2023\/02\/28D048BF-7EB5-487C-A4BA-F23D8B7DC34D-1024x684.jpeg 1024w, https:\/\/johannes-schuetzen.de\/wp-content\/uploads\/2023\/02\/28D048BF-7EB5-487C-A4BA-F23D8B7DC34D-550x367.jpeg 550w, https:\/\/johannes-schuetzen.de\/wp-content\/uploads\/2023\/02\/28D048BF-7EB5-487C-A4BA-F23D8B7DC34D-150x100.jpeg 150w, https:\/\/johannes-schuetzen.de\/wp-content\/uploads\/2023\/02\/28D048BF-7EB5-487C-A4BA-F23D8B7DC34D-768x513.jpeg 768w, https:\/\/johannes-schuetzen.de\/wp-content\/uploads\/2023\/02\/28D048BF-7EB5-487C-A4BA-F23D8B7DC34D-1536x1025.jpeg 1536w, https:\/\/johannes-schuetzen.de\/wp-content\/uploads\/2023\/02\/28D048BF-7EB5-487C-A4BA-F23D8B7DC34D-2048x1367.jpeg 2048w\" sizes=\"auto, (max-width: 1024px) 100vw, 1024px\" \/><\/figure>\n\n\n\n<figure class=\"wp-block-table\"><table><tbody><tr><td>K\u00f6nig<\/td><td>Michael Paschen<\/td><\/tr><tr><td>Minister<\/td><td>Klaus-Dieter Altmayer<\/td><\/tr><tr><td>&nbsp;<\/td><td>R\u00fcdiger Jager<\/td><\/tr><tr><td>K\u00f6nigsoffizier<\/td><td>Uli Maritzen<\/td><\/tr><tr><td>K\u00f6nigsgruppe<\/td><td>B\u00fcrgerwehr<\/td><\/tr><\/tbody><\/table><\/figure>\n","protected":false},"excerpt":{"rendered":"<p>K\u00f6nig Michael Paschen Minister Klaus-Dieter Altmayer &nbsp; R\u00fcdiger Jager K\u00f6nigsoffizier Uli Maritzen K\u00f6nigsgruppe B\u00fcrgerwehr<\/p>\n","protected":false},"author":3,"featured_media":0,"parent":2297,"menu_order":0,"comment_status":"closed","ping_status":"closed","template":"","meta":{"footnotes":""},"class_list":["post-2427","page","type-page","status-publish","hentry"],"_links":{"self":[{"href":"https:\/\/johannes-schuetzen.de\/index.php?rest_route=\/wp\/v2\/pages\/2427","targetHints":{"allow":["GET"]}}],"collection":[{"href":"https:\/\/johannes-schuetzen.de\/index.php?rest_route=\/wp\/v2\/pages"}],"about":[{"href":"https:\/\/johannes-schuetzen.de\/index.php?rest_route=\/wp\/v2\/types\/page"}],"author":[{"embeddable":true,"href":"https:\/\/johannes-schuetzen.de\/index.php?rest_route=\/wp\/v2\/users\/3"}],"replies":[{"embeddable":true,"href":"https:\/\/johannes-schuetzen.de\/index.php?rest_route=%2Fwp%2Fv2%2Fcomments&post=2427"}],"version-history":[{"count":2,"href":"https:\/\/johannes-schuetzen.de\/index.php?rest_route=\/wp\/v2\/pages\/2427\/revisions"}],"predecessor-version":[{"id":2759,"href":"https:\/\/johannes-schuetzen.de\/index.php?rest_route=\/wp\/v2\/pages\/2427\/revisions\/2759"}],"up":[{"embeddable":true,"href":"https:\/\/johannes-schuetzen.de\/index.php?rest_route=\/wp\/v2\/pages\/2297"}],"wp:attachment":[{"href":"https:\/\/johannes-schuetzen.de\/index.php?rest_route=%2Fwp%2Fv2%2Fmedia&parent=2427"}],"curies":[{"name":"wp","href":"https:\/\/api.w.org\/{rel}","templated":true}]}}

Königshaus 2020-2022

<figure class="wp-block-image size-large"><img  title="" loading="lazy" decoding="async" width="1024" height="684" src="https://johannes-schuetzen.de/wp-content/uploads/2023/02/28D048BF-7EB5-487C-A4BA-F23D8B7DC34D-1024x684.jpeg"  alt="28D048BF-7EB5-487C-A4BA-F23D8B7DC34D-1024x684 Königshaus 2020-2022"  class="wp-image-2755" srcset="https://johannes-schuetzen.de/wp-content/uploads/2023/02/28D048BF-7EB5-487C-A4BA-F23D8B7DC34D-1024x684.jpeg 1024w, https://johannes-schuetzen.de/wp-content/uploads/2023/02/28D048BF-7EB5-487C-A4BA-F23D8B7DC34D-550x367.jpeg 550w, https://johannes-schuetzen.de/wp-content/uploads/2023/02/28D048BF-7EB5-487C-A4BA-F23D8B7DC34D-150x100.jpeg 150w, https://johannes-schuetzen.de/wp-content/uploads/2023/02/28D048BF-7EB5-487C-A4BA-F23D8B7DC34D-768x513.jpeg 768w, https://johannes-schuetzen.de/wp-content/uploads/2023/02/28D048BF-7EB5-487C-A4BA-F23D8B7DC34D-1536x1025.jpeg 1536w, https://johannes-schuetzen.de/wp-content/uploads/2023/02/28D048BF-7EB5-487C-A4BA-F23D8B7DC34D-2048x1367.jpeg 2048w" sizes="auto, (max-width: 1024px) 100vw, 1024px" /></figure>



<figure class="wp-block-table"><table><tbody><tr><td>König</td><td>Michael Paschen</td></tr><tr><td>Minister</td><td>Klaus-Dieter Altmayer</td></tr><tr><td>&nbsp;</td><td>Rüdiger Jager</td></tr><tr><td>Königsoffizier</td><td>Uli Maritzen</td></tr><tr><td>Königsgruppe</td><td>Bürgerwehr</td></tr></tbody></table></figure>

<p>König Michael Paschen Minister Klaus-Dieter Altmayer &nbsp; Rüdiger Jager Königsoffizier Uli Maritzen Königsgruppe Bürgerwehr</p>
