{"id":341,"date":"2013-08-31T16:12:50","date_gmt":"2013-08-31T14:12:50","guid":{"rendered":"http:\/\/www.johannes-schuetzen.de\/?page_id=341"},"modified":"2017-08-18T15:57:41","modified_gmt":"2017-08-18T13:57:41","slug":"koenigshaus-1996","status":"publish","type":"page","link":"https:\/\/johannes-schuetzen.de\/?page_id=341","title":{"rendered":"K\u00f6nigshaus 1996"},"content":{"rendered":"<p><img  title=\"\" decoding=\"async\" src=\"https:\/\/johannes-schuetzen.de\/wp-content\/uploads\/2014\/05\/Koenigshaus-1996.jpg\"  alt=\"Koenigshaus-1996 K\u00f6nigshaus 1996\"  \/><\/p>\n<table>\n<tr>\n<td>K\u00f6nigspaar<\/td>\n<td>Heinz und Emmy Linden<\/td>\n<\/tr>\n<tr>\n<td>Ministerpaare<\/td>\n<td>Adolf \u2020 und Inge Pannen<\/td>\n<\/tr>\n<tr>\n<td><\/td>\n<td>Hans \u2020 und Wilma Hardt<\/td>\n<\/tr>\n<tr>\n<td>K\u00f6nigsoffizier<\/td>\n<td>Christof Hardt mit Monika Hardt (Schwester)<\/td>\n<\/tr>\n<tr>\n<td>K\u00f6nigsgruppe<\/td>\n<td>Blaue Jonges<\/td>\n<\/tr>\n<\/table>\n<p><a href=\"https:\/\/johannes-schuetzen.de\/?page_id=1191\" title=\"K\u00f6nigsh\u00e4user 1990 - 1999\">zur\u00fcck zur \u00dcbersicht<\/a><\/p>\n","protected":false},"excerpt":{"rendered":"<p>K\u00f6nigspaar Heinz und Emmy Linden Ministerpaare Adolf \u2020 und Inge Pannen Hans \u2020 und Wilma Hardt K\u00f6nigsoffizier Christof Hardt mit Monika Hardt (Schwester) K\u00f6nigsgruppe Blaue Jonges zur\u00fcck zur \u00dcbersicht<\/p>\n","protected":false},"author":1,"featured_media":0,"parent":1191,"menu_order":0,"comment_status":"closed","ping_status":"closed","template":"onecolumn-page.php","meta":{"footnotes":""},"class_list":["post-341","page","type-page","status-publish","hentry"],"_links":{"self":[{"href":"https:\/\/johannes-schuetzen.de\/index.php?rest_route=\/wp\/v2\/pages\/341","targetHints":{"allow":["GET"]}}],"collection":[{"href":"https:\/\/johannes-schuetzen.de\/index.php?rest_route=\/wp\/v2\/pages"}],"about":[{"href":"https:\/\/johannes-schuetzen.de\/index.php?rest_route=\/wp\/v2\/types\/page"}],"author":[{"embeddable":true,"href":"https:\/\/johannes-schuetzen.de\/index.php?rest_route=\/wp\/v2\/users\/1"}],"replies":[{"embeddable":true,"href":"https:\/\/johannes-schuetzen.de\/index.php?rest_route=%2Fwp%2Fv2%2Fcomments&post=341"}],"version-history":[{"count":3,"href":"https:\/\/johannes-schuetzen.de\/index.php?rest_route=\/wp\/v2\/pages\/341\/revisions"}],"predecessor-version":[{"id":2224,"href":"https:\/\/johannes-schuetzen.de\/index.php?rest_route=\/wp\/v2\/pages\/341\/revisions\/2224"}],"up":[{"embeddable":true,"href":"https:\/\/johannes-schuetzen.de\/index.php?rest_route=\/wp\/v2\/pages\/1191"}],"wp:attachment":[{"href":"https:\/\/johannes-schuetzen.de\/index.php?rest_route=%2Fwp%2Fv2%2Fmedia&parent=341"}],"curies":[{"name":"wp","href":"https:\/\/api.w.org\/{rel}","templated":true}]}}