{"id":363,"date":"2013-08-31T16:18:44","date_gmt":"2013-08-31T14:18:44","guid":{"rendered":"http:\/\/www.johannes-schuetzen.de\/?page_id=363"},"modified":"2016-04-19T15:39:37","modified_gmt":"2016-04-19T13:39:37","slug":"koenigshaus-1986","status":"publish","type":"page","link":"https:\/\/johannes-schuetzen.de\/?page_id=363","title":{"rendered":"K\u00f6nigshaus 1986"},"content":{"rendered":"<p><img  title=\"\" decoding=\"async\" src=\"https:\/\/johannes-schuetzen.de\/wp-content\/uploads\/2014\/05\/Koenigshaus-1986.jpg\"  alt=\"Koenigshaus-1986 K\u00f6nigshaus 1986\"  \/><\/p>\n<table>\n<tr>\n<td>K\u00f6nigspaar<\/td>\n<td>Willi \u2020 und \u00c4nne \u2020 Snellen<\/td>\n<\/tr>\n<tr>\n<td>Ministerpaare<\/td>\n<td>Willi und Erika Adrian<\/td>\n<\/tr>\n<tr>\n<td><\/td>\n<td>Karl Josef und Rosi Heyer<\/td>\n<\/tr>\n<tr>\n<td>K\u00f6nigsoffizier<\/td>\n<td>Hubert \u2020 und Hilde \u2020 Hitz<\/td>\n<\/tr>\n<tr>\n<td>K\u00f6nigsgruppe<\/td>\n<td>J\u00e4gerzug Cl\u00f6rath<\/td>\n<\/tr>\n<\/table>\n<p><a href=\"https:\/\/johannes-schuetzen.de\/?page_id=1193\" title=\"K\u00f6nigsh\u00e4user 1980 - 1989\">zur\u00fcck zur \u00dcbersicht<\/a><\/p>\n","protected":false},"excerpt":{"rendered":"<p>K\u00f6nigspaar Willi \u2020 und \u00c4nne \u2020 Snellen Ministerpaare Willi und Erika Adrian Karl Josef und Rosi Heyer K\u00f6nigsoffizier Hubert \u2020 und Hilde \u2020 Hitz K\u00f6nigsgruppe J\u00e4gerzug Cl\u00f6rath zur\u00fcck zur \u00dcbersicht<\/p>\n","protected":false},"author":1,"featured_media":0,"parent":1193,"menu_order":0,"comment_status":"closed","ping_status":"closed","template":"onecolumn-page.php","meta":{"footnotes":""},"class_list":["post-363","page","type-page","status-publish","hentry"],"_links":{"self":[{"href":"https:\/\/johannes-schuetzen.de\/index.php?rest_route=\/wp\/v2\/pages\/363","targetHints":{"allow":["GET"]}}],"collection":[{"href":"https:\/\/johannes-schuetzen.de\/index.php?rest_route=\/wp\/v2\/pages"}],"about":[{"href":"https:\/\/johannes-schuetzen.de\/index.php?rest_route=\/wp\/v2\/types\/page"}],"author":[{"embeddable":true,"href":"https:\/\/johannes-schuetzen.de\/index.php?rest_route=\/wp\/v2\/users\/1"}],"replies":[{"embeddable":true,"href":"https:\/\/johannes-schuetzen.de\/index.php?rest_route=%2Fwp%2Fv2%2Fcomments&post=363"}],"version-history":[{"count":3,"href":"https:\/\/johannes-schuetzen.de\/index.php?rest_route=\/wp\/v2\/pages\/363\/revisions"}],"predecessor-version":[{"id":1220,"href":"https:\/\/johannes-schuetzen.de\/index.php?rest_route=\/wp\/v2\/pages\/363\/revisions\/1220"}],"up":[{"embeddable":true,"href":"https:\/\/johannes-schuetzen.de\/index.php?rest_route=\/wp\/v2\/pages\/1193"}],"wp:attachment":[{"href":"https:\/\/johannes-schuetzen.de\/index.php?rest_route=%2Fwp%2Fv2%2Fmedia&parent=363"}],"curies":[{"name":"wp","href":"https:\/\/api.w.org\/{rel}","templated":true}]}}